--
-- Host: localhost    Database: uaebest_auctions
-- ------------------------------------------------------


--
-- Table structure for table `auctions_pys`
--

CREATE TABLE `auctions_pys` (
  `id` int(11) NOT NULL AUTO_INCREMENT,
  `one` mediumtext NOT NULL,
  `two` mediumtext NOT NULL,
  `modes` int(11) NOT NULL DEFAULT 0,
  PRIMARY KEY (`id`)
) ENGINE=InnoDB AUTO_INCREMENT=2 DEFAULT CHARSET=utf8mb4 COLLATE=utf8mb4_general_ci;

--
-- Dumping data for table `auctions_pys`
--

INSERT INTO `auctions_pys` VALUES
(1,'AWb42tIN8pA4ZQhR7Zl8mYEsRV6fOAHZ8LHdaCvLMpdBzAcdrwzkngz-NSFAfXTJ4qI_ICul75rrkn5U','EIlSIeLRSTkGHS4Dz_2tv8WsJ9ScfNZs9ISXAOyYhHVw6vlhwvtybZVIXxgfvoZc_36MMwN3kp3xUObn',1);

--
-- Table structure for table `basket_auct`
--

CREATE TABLE `basket_auct` (
  `b_id` int(11) NOT NULL AUTO_INCREMENT,
  `p_id` int(11) NOT NULL,
  `u_id` int(11) NOT NULL,
  PRIMARY KEY (`b_id`)
) ENGINE=InnoDB AUTO_INCREMENT=65 DEFAULT CHARSET=utf8mb4 COLLATE=utf8mb4_general_ci;

--
-- Dumping data for table `basket_auct`
--

INSERT INTO `basket_auct` VALUES
(35,74,114),
(37,1,113),
(40,9,113),
(44,1006,113),
(45,1012,113),
(47,1010,113),
(48,1008,113),
(49,1005,113),
(50,1013,120),
(55,1018,1),
(56,1018,3),
(57,1017,3),
(58,1020,3),
(59,1016,3),
(61,1024,1),
(62,1023,1),
(63,1032,1),
(64,1029,1);

--
-- Table structure for table `bid_product`
--

CREATE TABLE `bid_product` (
  `bid_id` int(11) NOT NULL AUTO_INCREMENT,
  `p_id` int(11) NOT NULL,
  `dp_id` int(11) NOT NULL DEFAULT 0,
  `u_id` int(11) NOT NULL DEFAULT 0,
  `price` double NOT NULL,
  `accept_done` int(11) NOT NULL DEFAULT 0,
  `pay` int(11) NOT NULL DEFAULT 0,
  `done` int(11) NOT NULL DEFAULT 0,
  `starts` int(11) NOT NULL DEFAULT 0,
  `mtdpay` mediumtext NOT NULL,
  PRIMARY KEY (`bid_id`)
) ENGINE=InnoDB AUTO_INCREMENT=85 DEFAULT CHARSET=utf8mb4 COLLATE=utf8mb4_general_ci;

--
-- Dumping data for table `bid_product`
--

INSERT INTO `bid_product` VALUES
(73,1024,1024,9,18100,0,0,1,0,'EUR'),
(74,1022,0,0,22100,0,0,0,0,'EUR'),
(75,1018,1018,0,20500,0,0,0,0,'EUR'),
(76,1025,0,0,20000,0,0,0,0,'USD'),
(77,1026,0,0,25000,0,0,0,0,'USD'),
(78,1027,0,0,30000,0,0,0,0,'USD'),
(79,1028,0,0,40000,0,0,0,0,'EUR'),
(80,1029,0,0,35000,0,0,0,0,'EUR'),
(81,1030,0,0,20000,0,0,0,0,'EUR'),
(82,1031,1031,0,77000,0,0,0,0,'EUR'),
(83,1032,1032,0,55300,0,0,0,0,'EUR'),
(84,1034,0,0,888,0,0,0,0,'USD');

--
-- Table structure for table `category`
--

CREATE TABLE `category` (
  `ct_id` int(11) NOT NULL AUTO_INCREMENT,
  `name` varchar(233) NOT NULL,
  PRIMARY KEY (`ct_id`)
) ENGINE=InnoDB AUTO_INCREMENT=19 DEFAULT CHARSET=utf8mb4 COLLATE=utf8mb4_general_ci;

--
-- Dumping data for table `category`
--

INSERT INTO `category` VALUES
(9,'أرضي'),
(10,'إسترحات'),
(11,'على النهر'),
(12,'فلل'),
(13,'تجارية'),
(14,'مزارع'),
(15,'شقق'),
(16,'بيت شعبي'),
(18,'عملة الرقميه الدينار الاسلامي');

--
-- Table structure for table `center_section`
--

CREATE TABLE `center_section` (
  `to_id` int(11) NOT NULL AUTO_INCREMENT,
  `title` varchar(244) NOT NULL,
  `description` mediumtext NOT NULL,
  PRIMARY KEY (`to_id`)
) ENGINE=InnoDB AUTO_INCREMENT=2 DEFAULT CHARSET=utf8mb4 COLLATE=utf8mb4_general_ci;

--
-- Dumping data for table `center_section`
--

INSERT INTO `center_section` VALUES
(1,'ما هي مزادات uaebest للعقارات؟','كريتر هي شركة عالمية رائدة في مزادات العقارات عبر الإنترنت ، ووجهة رئيسية لإعادة بيع و المزايده عبرها للحصول على افضل الاسعار للطرفين. متخصص في مزادات العقارات ، الموقع يجعل من السهل على الأعضاء العثور على العقار التي يبحثون عنها والمزايدة عليها والفوز بها. من عقارات (أرضي ، فلل ، بيوت شعبية ، على النهر ، تجاريه ، إسترحات ، شقق ، مزارع ) ، يمكن للأعضاء المزايدة على العقارات والمزيد. فإن uaebest تضع القدرة على تقديم العروض');

--
-- Table structure for table `contact_mail`
--

CREATE TABLE `contact_mail` (
  `mail_id` int(11) NOT NULL AUTO_INCREMENT,
  `name` varchar(255) NOT NULL,
  `email` varchar(100) NOT NULL,
  `number` int(11) NOT NULL,
  `subject` mediumtext NOT NULL,
  `re` mediumtext DEFAULT NULL,
  PRIMARY KEY (`mail_id`)
) ENGINE=InnoDB AUTO_INCREMENT=35 DEFAULT CHARSET=utf8mb4 COLLATE=utf8mb4_general_ci;

--
-- Dumping data for table `contact_mail`
--

INSERT INTO `contact_mail` VALUES
(8,'خالد','crater54@gmail.com',2147483647,'Test','\r\n        '),
(9,'KfnqDuxw','testing@example.com',1,'wLLJU8a5',NULL),
(10,'KfnqDuxw','testing@example.com',1,'1*',NULL),
(11,'KfnqDuxw','testing@example.com',1,'1*',NULL),
(12,'KfnqDuxw','testing@example.com',1,'1*',NULL),
(13,'KfnqDuxw','testing@example.com',1,'1*',NULL),
(14,'KfnqDuxw','testing@example.com',1,'-1 OR 2+692-692-1=0+0+0+1',NULL),
(15,'KfnqDuxw','testing@example.com',1,'-1 OR 3+692-692-1=0+0+0+1',NULL),
(16,'KfnqDuxw','testing@example.com',1,'if(now()=sysdate(),sleep(15),0)',NULL),
(17,'KfnqDuxw','testing@example.com',1,'0\'XOR(if(now()=sysdate(),sleep(15),0))XOR\'Z',NULL),
(18,'KfnqDuxw','testing@example.com',1,'0\"XOR(if(now()=sysdate(),sleep(15),0))XOR\"Z',NULL),
(19,'KfnqDuxw','testing@example.com',1,'(select(0)from(select(sleep(15)))v)/*\'+(select(0)from(select(sleep(15)))v)+\'\"+(select(0)from(select(sleep(15)))v)+\"*/',NULL),
(20,'KfnqDuxw','testing@example.com',1,'-1; waitfor delay \'0:0:15\' --',NULL),
(21,'KfnqDuxw','testing@example.com',1,'-1); waitfor delay \'0:0:15\' --',NULL),
(22,'KfnqDuxw','testing@example.com',1,'1 waitfor delay \'0:0:15\' --',NULL),
(23,'KfnqDuxw','testing@example.com',1,'uhobGAWq\'; waitfor delay \'0:0:15\' --',NULL),
(24,'KfnqDuxw','testing@example.com',1,'-5 OR 664=(SELECT 664 FROM PG_SLEEP(15))--',NULL),
(25,'KfnqDuxw','testing@example.com',1,'-5) OR 930=(SELECT 930 FROM PG_SLEEP(15))--',NULL),
(26,'KfnqDuxw','testing@example.com',1,'-1)) OR 289=(SELECT 289 FROM PG_SLEEP(15))--',NULL),
(27,'KfnqDuxw','testing@example.com',1,'PrjA7zov\' OR 518=(SELECT 518 FROM PG_SLEEP(15))--',NULL),
(28,'KfnqDuxw','testing@example.com',1,'64jPXHAS\') OR 915=(SELECT 915 FROM PG_SLEEP(15))--',NULL),
(29,'KfnqDuxw','testing@example.com',1,'35qb31L7\')) OR 403=(SELECT 403 FROM PG_SLEEP(15))--',NULL),
(30,'KfnqDuxw','testing@example.com',1,'*DBMS_PIPE.RECEIVE_MESSAGE(CHR(99)||CHR(99)||CHR(99),15)',NULL),
(31,'KfnqDuxw','testing@example.com',1,'\'||DBMS_PIPE.RECEIVE_MESSAGE(CHR(98)||CHR(98)||CHR(98),15)||\'',NULL),
(32,'KfnqDuxw','testing@example.com',1,'1\'\"',NULL),
(33,'KfnqDuxw','testing@example.com',1,'1\0À§À¢%2527%2522',NULL),
(34,'KfnqDuxw','testing@example.com',1,'@@8ubVE',NULL);

--
-- Table structure for table `contact_user_profile`
--

CREATE TABLE `contact_user_profile` (
  `id` int(11) NOT NULL AUTO_INCREMENT,
  `u_id` int(11) NOT NULL DEFAULT 0,
  `message` mediumtext NOT NULL,
  PRIMARY KEY (`id`)
) ENGINE=InnoDB AUTO_INCREMENT=67 DEFAULT CHARSET=utf8mb4 COLLATE=utf8mb4_general_ci;

--
-- Dumping data for table `contact_user_profile`
--

INSERT INTO `contact_user_profile` VALUES
(1,1,'\r\n    testing    '),
(2,1,'second testing\r\n'),
(3,1,'\r\n        three testing'),
(4,1,'for testing\r\n        '),
(5,1,'مرحبا بك يا سيد فؤاد لكي تتمكن من المزايدة المرجو  الضغط على الزر أسفله لكي يكتمل ملفك الشخصي هده سياسة الموقع لضمان مصداقيتنا '),
(6,1,'مرحبا بك يا سيد فؤاد لكي تتمكن من المزايدة المرجو الضغط على الزر أسفله لكي يكتمل ملفك الشخصي هده سياسة الموقع لضمان مصداقيتنا\r\n\r\n        '),
(7,1,'مرحبا بك يا سيد فؤاد لكي تتمكن من المزايدة المرجو الضغط على الزر أسفله لكي يكتمل ملفك الشخصي هده سياسة الموقع لضمان مصداقيتنا\r\n\r\n        '),
(8,6,'\r\n        '),
(9,7,'\r\n        '),
(10,8,'\r\n        '),
(11,1,'\r\n        '),
(12,6,'\r\n        '),
(13,1,'المرجو إرفاق بطاقة الهوية لإكمال ملفك الشخصي'),
(14,1,' \r\n    مرحبا بك يا سيد fouad\r\n    المرجو إرفاق بطاقة الهوية لإكمال ملفك الشخصي'),
(15,1,'   المرجو إرفاق بطاقة الهوية لإكمال ملفك الشخصي'),
(16,1,'   المرجو إرفاق بطاقة الهوية لإكمال ملفك الشخصي'),
(17,1,'   المرجو إرفاق بطاقة الهوية لإكمال ملفك الشخصي'),
(18,8,'   المرجو إرفاق بطاقة الهوية لإكمال ملفك الشخصي'),
(19,7,'   المرجو إرفاق بطاقة الهوية لإكمال ملفك الشخصي'),
(20,6,'   المرجو إرفاق بطاقة الهوية لإكمال ملفك الشخصي'),
(21,6,'   المرجو إرفاق بطاقة الهوية لإكمال ملفك الشخصي'),
(22,1,'   المرجو إرفاق بطاقة الهوية لإكمال ملفك الشخصي'),
(23,7,'   المرجو إرفاق بطاقة الهوية لإكمال ملفك الشخصي'),
(24,8,'   المرجو إرفاق بطاقة الهوية لإكمال ملفك الشخصي'),
(25,9,'   المرجو إرفاق بطاقة الهوية لإكمال ملفك الشخصي'),
(26,9,'   المرجو إرفاق بطاقة الهوية لإكمال ملفك الشخصي'),
(27,12,'   المرجو إرفاق بطاقة الهوية لإكمال ملفك الشخصي'),
(28,12,'   المرجو إرفاق بطاقة الهوية لإكمال ملفك الشخصي'),
(29,11,'   المرجو إرفاق بطاقة الهوية لإكمال ملفك الشخصي'),
(30,11,'   المرجو إرفاق بطاقة الهوية لإكمال ملفك الشخصي'),
(31,10,'   المرجو إرفاق بطاقة الهوية لإكمال ملفك الشخصي'),
(32,10,'   المرجو إرفاق بطاقة الهوية لإكمال ملفك الشخصي'),
(33,7,'   المرجو إرفاق بطاقة الهوية لإكمال ملفك الشخصي'),
(34,12,'   المرجو إرفاق بطاقة الهوية لإكمال ملفك الشخصي'),
(35,12,'   المرجو إرفاق بطاقة الهوية لإكمال ملفك الشخصي'),
(36,11,'   المرجو إرفاق بطاقة الهوية لإكمال ملفك الشخصي'),
(37,11,'   المرجو إرفاق بطاقة الهوية لإكمال ملفك الشخصي'),
(38,10,'   المرجو إرفاق بطاقة الهوية لإكمال ملفك الشخصي'),
(39,8,'   المرجو إرفاق بطاقة الهوية لإكمال ملفك الشخصي'),
(40,7,'   المرجو إرفاق بطاقة الهوية لإكمال ملفك الشخصي'),
(41,26,'   المرجو إرفاق بطاقة الهوية لإكمال ملفك الشخصي'),
(42,1,'   المرجو إرفاق بطاقة الهوية لإكمال ملفك الشخصي'),
(43,1,'   المرجو إرفاق بطاقة الهوية لإكمال ملفك الشخصي'),
(44,6,'   المرجو إرفاق بطاقة الهوية لإكمال ملفك الشخصي'),
(45,7,'   المرجو إرفاق بطاقة الهوية لإكمال ملفك الشخصي'),
(46,8,'   المرجو إرفاق بطاقة الهوية لإكمال ملفك الشخصي'),
(47,8,'   المرجو إرفاق بطاقة الهوية لإكمال ملفك الشخصي'),
(48,10,'   المرجو إرفاق بطاقة الهوية لإكمال ملفك الشخصي'),
(49,10,'   المرجو إرفاق بطاقة الهوية لإكمال ملفك الشخصي'),
(50,11,'   المرجو إرفاق بطاقة الهوية لإكمال ملفك الشخصي'),
(51,12,'   المرجو إرفاق بطاقة الهوية لإكمال ملفك الشخصي'),
(52,13,'   المرجو إرفاق بطاقة الهوية لإكمال ملفك الشخصي'),
(53,14,'   المرجو إرفاق بطاقة الهوية لإكمال ملفك الشخصي'),
(54,15,'   المرجو إرفاق بطاقة الهوية لإكمال ملفك الشخصي'),
(55,16,'   المرجو إرفاق بطاقة الهوية لإكمال ملفك الشخصي'),
(56,17,'   المرجو إرفاق بطاقة الهوية لإكمال ملفك الشخصي'),
(57,18,'   المرجو إرفاق بطاقة الهوية لإكمال ملفك الشخصي'),
(58,19,'   المرجو إرفاق بطاقة الهوية لإكمال ملفك الشخصي'),
(59,20,'   المرجو إرفاق بطاقة الهوية لإكمال ملفك الشخصي'),
(60,21,'   المرجو إرفاق بطاقة الهوية لإكمال ملفك الشخصي'),
(61,24,'   المرجو إرفاق بطاقة الهوية لإكمال ملفك الشخصي'),
(62,27,'   المرجو إرفاق بطاقة الهوية لإكمال ملفك الشخصي'),
(63,28,'   المرجو إرفاق بطاقة الهوية لإكمال ملفك الشخصي'),
(64,29,'   المرجو إرفاق بطاقة الهوية لإكمال ملفك الشخصي'),
(65,30,'   المرجو إرفاق بطاقة الهوية لإكمال ملفك الشخصي'),
(66,31,'   المرجو إرفاق بطاقة الهوية لإكمال ملفك الشخصي');

--
-- Table structure for table `edit_info_site`
--

CREATE TABLE `edit_info_site` (
  `info_id` int(11) NOT NULL AUTO_INCREMENT,
  `facebook` mediumtext NOT NULL,
  `whatsapp_link` mediumtext NOT NULL,
  `whatsapp_number` varchar(255) NOT NULL,
  `youtube` mediumtext NOT NULL,
  `twitter` mediumtext NOT NULL,
  `instagram` varchar(277) NOT NULL,
  `key_word` mediumtext NOT NULL,
  `description` mediumtext NOT NULL,
  PRIMARY KEY (`info_id`)
) ENGINE=InnoDB AUTO_INCREMENT=2 DEFAULT CHARSET=utf8mb4 COLLATE=utf8mb4_general_ci;

--
-- Dumping data for table `edit_info_site`
--

INSERT INTO `edit_info_site` VALUES
(1,'https://www.facebook.com/bosniaforgulf/','https://api.whatsapp.com/send?phone=971505555017+&text=%D8%A8%D8%AE%D8%B5%D9%88%D8%B5%20%D9%85%D9%88%D9%82%D8%B9%20:%20%20UAEBEST%20%D8%A7%D9%84%D8%A7%D8%B9%D9%84%D8%A7%D9%86%D8%A7%D8%AA%20%D8%A7%D9%84%D8%B9%D9%82%D8%A7%D8%B1%D9%8A%D8%A9%20%20%D8%A7%D9%84%D8%B3%D9%84%D8%A7%D9%85%20%D8%B9%D9%84%D9%8A%D9%83%D9%85','+971505555017','https://www.youtube.com/user/craterco','https://twitter.com/khaledbinkulai1?s=08','https://instagram.com/bosnia_crater_realstate','مزاد،مزادات،عقارات،عروض،للبيع،على النهر،أرض،فله،بيت،مطلة،شقة،بيت شعبي،مزرعه،تجارية،لقطه،رخيصة،ممتازه','السلام عليكم و رحمة الله و بركاتة\r\nهذه الموقع خاص لعرض مزادات عقارات \r\nيجب التواصل معا الاداره لعرض عقاركم للمزايده\r\nواتس اب 00971505555017');

--
-- Table structure for table `explained_me`
--

CREATE TABLE `explained_me` (
  `id` int(11) NOT NULL AUTO_INCREMENT,
  `text` mediumtext NOT NULL,
  PRIMARY KEY (`id`)
) ENGINE=InnoDB AUTO_INCREMENT=2 DEFAULT CHARSET=utf8mb4 COLLATE=utf8mb4_general_ci;

--
-- Dumping data for table `explained_me`
--

INSERT INTO `explained_me` VALUES
(1,'<p>شرح لخدمات الموقع</p>');

--
-- Table structure for table `image_product`
--

CREATE TABLE `image_product` (
  `img_id` int(11) NOT NULL AUTO_INCREMENT,
  `p_id` int(11) NOT NULL,
  `images` mediumtext NOT NULL,
  PRIMARY KEY (`img_id`)
) ENGINE=InnoDB AUTO_INCREMENT=308 DEFAULT CHARSET=utf8mb4 COLLATE=utf8mb4_general_ci;

--
-- Dumping data for table `image_product`
--

INSERT INTO `image_product` VALUES
(188,1031,'906289285980890084.jpg'),
(189,1031,'637897918932650212.jpg'),
(190,1031,'24704617913832260.jpg'),
(191,1031,'859606113285513956.jpg'),
(192,1031,'207347560208456772.jpg'),
(193,1031,'591323614120956516.jpg'),
(194,1031,'700929247309083236.jpg'),
(195,1031,'189186261501314660.jpg'),
(196,1031,'956276514568199780.jpg'),
(197,1031,'829746371601440740.jpg'),
(198,1031,'55250840727284140.jpg'),
(199,1031,'780759412330268516.jpg'),
(200,1031,'568721010350145892.jpg'),
(201,1032,'72064968757389108.jpg'),
(202,1032,'386121726595174244.jpg'),
(203,1032,'485478015616924580.jpg'),
(204,1032,'217552856542344164.jpg'),
(205,1032,'571990360971997860.jpg'),
(206,1032,'164036704693120900.jpg'),
(207,1032,'91851511504574676.jpg'),
(208,1032,'694731722586412772.jpg'),
(209,1030,'210357274394650724.jpg'),
(210,1030,'364143124316179044.jpg'),
(211,1030,'247331895400036612.jpg'),
(212,1030,'231617418583667876.jpg'),
(213,1030,'360780613962849572.jpg'),
(214,1030,'220573497936306116.jpg'),
(215,1030,'766569884494560228.jpg'),
(216,1029,'763619221747532388.jpg'),
(217,1029,'446353711188196644.jpg'),
(218,1029,'888812579215283940.jpg'),
(219,1029,'413313656114372516.jpg'),
(220,1029,'257644458208439300.jpg'),
(221,1029,'474728806410364644.jpg'),
(222,1029,'361715029925397412.jpg'),
(223,1029,'774828534573936484.jpg'),
(224,1029,'762497243472053604.jpg'),
(225,1029,'929792473559080292.jpg'),
(226,1029,'127519842237336212.jpg'),
(227,1029,'65321531612478388.jpg'),
(228,1028,'811004385818444772.jpg'),
(229,1028,'49998086877207316.jpg'),
(230,1028,'465213214047625316.jpg'),
(231,1028,'930263360963015908.jpg'),
(232,1028,'993350992911358564.jpg'),
(233,1028,'945447802544396516.jpg'),
(234,1028,'850049986970359652.jpg'),
(235,1028,'988558109384820964.jpg'),
(236,1028,'59442699421244820.jpg'),
(237,1028,'667602730915484516.jpg'),
(238,1028,'911884914618714980.jpg'),
(239,1027,'509956237860431972.jpg'),
(240,1027,'598979407456251364.jpg'),
(241,1027,'115887347143236212.jpg'),
(242,1027,'528567246627485476.jpg'),
(243,1027,'695703821257313380.jpg'),
(244,1027,'538943784777506212.jpg'),
(245,1027,'615533021744833124.jpg'),
(246,1027,'366100196726913124.jpg'),
(247,1027,'4102882463488384.jpg'),
(248,1027,'43622042983805364.jpg'),
(249,1027,'113047292456121364.jpg'),
(250,1027,'132947361562507492.jpg'),
(251,1026,'311768469866614692.jpg'),
(252,1026,'273660713341306084.jpg'),
(253,1026,'325418103020898596.jpg'),
(254,1026,'110711784567772596.jpg'),
(255,1026,'125523735769193540.jpg'),
(256,1026,'600133141968879460.jpg'),
(257,1026,'188205231446923460.jpg'),
(258,1026,'115761411842051460.jpg'),
(259,1026,'775493328460181220.jpg'),
(260,1026,'162048399448524484.jpg'),
(261,1026,'582592898048926564.jpg'),
(262,1024,'980880207382927204.jpg'),
(263,1024,'439551488496714852.jpg'),
(264,1024,'623164339922867044.jpg'),
(265,1024,'993263120763798372.jpg'),
(266,1024,'407660188153712292.jpg'),
(267,1024,'367364275269504292.jpg'),
(268,1024,'740236588288690788.jpg'),
(269,1024,'938780188561236836.jpg'),
(270,1024,'455548074096805732.jpg'),
(271,1024,'974984125700627940.jpg'),
(272,1024,'159761114511766756.jpg'),
(273,1024,'444461393636075620.jpg'),
(274,1022,'412113841157736292.jpg'),
(275,1022,'684393741190981092.jpg'),
(276,1022,'647707130760472676.jpg'),
(277,1022,'522949719336302244.jpg'),
(278,1022,'282175180502461700.jpg'),
(279,1022,'725805508904739684.jpg'),
(280,1022,'348297977820317476.jpg'),
(281,1022,'49837730824987324.jpg'),
(282,1022,'468414952513205284.jpg'),
(283,1022,'942781483755269860.jpg'),
(284,1022,'607519783080110180.jpg'),
(285,1022,'844711640850385252.jpg'),
(286,1022,'383855900727519588.jpg'),
(287,1022,'424088414758783140.jpg'),
(288,1022,'564049088396583268.jpg'),
(289,1018,'90667896438462644.jpg'),
(290,1018,'980449712836036580.jpg'),
(291,1018,'770662549883743716.jpg'),
(292,1018,'954049240332860004.jpg'),
(293,1018,'649302677251918052.jpg'),
(294,1025,'85049747489460884.jpg'),
(295,1025,'494209094904758564.jpg'),
(296,1025,'209121206309813732.jpg'),
(297,1025,'391557063442036900.jpg'),
(298,1025,'374133654870392228.jpg'),
(299,1025,'889609681908752868.jpg'),
(300,1025,'751812393312012644.jpg'),
(301,1025,'628650218248870244.jpg'),
(302,1025,'981676093303452516.jpg'),
(303,1025,'361675594467959140.jpg'),
(304,1025,'927044520620998244.jpg'),
(305,1025,'983487018850487396.jpg'),
(306,1025,'141168199014031652.jpg'),
(307,1025,'278091351501866180.jpg');

--
-- Table structure for table `info_site`
--

CREATE TABLE `info_site` (
  `info_id` int(11) NOT NULL AUTO_INCREMENT,
  `condition_use` mediumtext NOT NULL,
  `privacy policy` mediumtext NOT NULL,
  `who_us` mediumtext NOT NULL,
  `explained` mediumtext NOT NULL,
  `why_us` mediumtext NOT NULL,
  `video` mediumtext NOT NULL,
  PRIMARY KEY (`info_id`)
) ENGINE=InnoDB AUTO_INCREMENT=2 DEFAULT CHARSET=utf8mb4 COLLATE=utf8mb4_general_ci;

--
-- Dumping data for table `info_site`
--

INSERT INTO `info_site` VALUES
(1,'<p>شروط الاستخدام</p>','','','','','');

--
-- Table structure for table `location_site`
--

CREATE TABLE `location_site` (
  `l_id` int(11) NOT NULL AUTO_INCREMENT,
  `description` mediumtext NOT NULL,
  `link_location` mediumtext NOT NULL,
  PRIMARY KEY (`l_id`)
) ENGINE=InnoDB AUTO_INCREMENT=2 DEFAULT CHARSET=utf8mb4 COLLATE=utf8mb4_general_ci;

--
-- Dumping data for table `location_site`
--

INSERT INTO `location_site` VALUES
(1,'تبحث عن موقعنا بالقرب منك؟ مع وجود أكثر من 200 موقع حول العالم ، ستضطر إلى العثور على موقع يبعد مسافة قصيرة بالسيارة. يمكنك النقر على أي من مواقعنا لمشاهدة عروضنا الحالية للبيع ومعلومات الاتصال وأوقات المزاد القادمة','البوسنة والهرسك https://maps.app.goo.gl/d5t3WxxfSoDdK2rDA');

--
-- Table structure for table `mail_site`
--

CREATE TABLE `mail_site` (
  `mail_id` int(11) NOT NULL AUTO_INCREMENT,
  `email` mediumtext NOT NULL,
  PRIMARY KEY (`mail_id`)
) ENGINE=InnoDB AUTO_INCREMENT=2 DEFAULT CHARSET=utf8mb4 COLLATE=utf8mb4_general_ci;

--
-- Dumping data for table `mail_site`
--

INSERT INTO `mail_site` VALUES
(1,'info@uaebest.com');

--
-- Table structure for table `news_email`
--

CREATE TABLE `news_email` (
  `em_id` int(11) NOT NULL AUTO_INCREMENT,
  `email` mediumtext NOT NULL,
  PRIMARY KEY (`em_id`)
) ENGINE=InnoDB AUTO_INCREMENT=5 DEFAULT CHARSET=utf8mb4 COLLATE=utf8mb4_general_ci;

--
-- Dumping data for table `news_email`
--

INSERT INTO `news_email` VALUES
(1,'nonas@pass.sf'),
(2,'Test@gmail.com'),
(3,'crater54@gmail.com'),
(4,'crater54@gmail.com');

--
-- Table structure for table `offers`
--

CREATE TABLE `offers` (
  `of_id` int(11) NOT NULL AUTO_INCREMENT,
  `title` varchar(255) NOT NULL,
  `description` mediumtext NOT NULL,
  `image` mediumtext NOT NULL,
  `link` mediumtext NOT NULL,
  PRIMARY KEY (`of_id`)
) ENGINE=InnoDB AUTO_INCREMENT=21 DEFAULT CHARSET=utf8mb4 COLLATE=utf8mb4_general_ci;

--
-- Dumping data for table `offers`
--

INSERT INTO `offers` VALUES
(15,'أحجز بارخص الاسعار تذاكر طيران و فنادق','Get the lowest global prices on airline tickets and hotels\r\nhttps://www.flybosna.com','63400502316704540.jpg','https://youtu.be/6jVRTPaSajw'),
(16,'عقارات الامارات','عقارات الامارات\r\n1) هذه التطبيق للموبايلات أي فون\r\nhttps://apps.apple.com/us/app/uea-best/id1493174348?ls=1\r\n2) هذه التطبيق للموبايلات اندريو\r\nhttps://play.google.com/store/apps/details?id=com.uae.best\r\n3) موقع انترنت\r\nwww.uaebest.com','481842862442521316.jpg','https://youtu.be/XvVC2498U5k'),
(17,'أستراحه 60 مترمربع على أرض 2دونم','إستراحه مساحتها 60 مترمربع على أرض 2 دونم في نهاية حي راكوفيسا بدائة كسلياك تبعد عن المطار 19 كم على بعد 50 متر من الطريق الرئسي إطلاله جميلة و فيها جميع الخدمات و الرخص و فيها شجرةفاكه مثمره بسعر 50 ألف مارك حوالي 26 ألف يورو\r\nللتواصل واتس اب ٠٠٩٧١٥٠٥٥٥٥٠١٧','361138095613857956.jpg','https://youtu.be/lxvxreMeTgw'),
(20,'العملة الرقمية ( الدينار الاسلامي  / ISD )','New coin / islamic dinar\r\n\r\nSample / ISD\r\n\r\nContract /\r\n0x528db9481dc30366de3bc50c2bd1801e6f4c3f25\r\n\r\nSmart chain / Trust wallet\r\n\r\nCan buy from /\r\n\r\nhttps://pancakeswap.finance/swap\r\n\r\nLinkedin\r\nhttps://www.linkedin.com/in/islamic-dinare-411068228\r\n\r\nFacebook\r\nhttps://www.facebook.com/ISDCOIN\r\n\r\nTwitter\r\nhttps://twitter.com/IslamicDinare\r\n\r\nTelegram\r\nhttps://t.me/lsdcoins\r\n\r\nOutlook\r\nislamicdinar@outlook.com\r\n\r\nGmail\r\nislamicdinarisd@gmail.com\r\n\r\nYahoo\r\nislamicdinarisd@yahoo.com\r\n\r\nInstagram\r\nhttps://www.instagram.com/isdcoin/p/CXRdzAZhuF8/?utm_medium=copy_link','885663942900263524.jpg','https://www.isdcoins.io');

--
-- Table structure for table `password_resset`
--

CREATE TABLE `password_resset` (
  `reset_id` int(11) NOT NULL AUTO_INCREMENT,
  `email` mediumtext NOT NULL,
  `codes` int(11) NOT NULL,
  PRIMARY KEY (`reset_id`)
) ENGINE=InnoDB AUTO_INCREMENT=14 DEFAULT CHARSET=utf8mb4 COLLATE=utf8mb4_general_ci;

--
-- Dumping data for table `password_resset`
--

INSERT INTO `password_resset` VALUES
(4,'black@gmail.com',830628),
(5,'black@black.com',4018042),
(6,'blacks@black.com',5619571),
(7,'asfkla@lkjlkj.klj',6074225),
(11,'pblscfck@gmail.com',1847394),
(12,'uaebest545@gmail.com',2343218),
(13,'crater54@gmail.com',5994220);

--
-- Table structure for table `privacy_policy`
--

CREATE TABLE `privacy_policy` (
  `id` int(11) NOT NULL AUTO_INCREMENT,
  `text` text NOT NULL,
  PRIMARY KEY (`id`)
) ENGINE=InnoDB AUTO_INCREMENT=2 DEFAULT CHARSET=utf8mb4 COLLATE=utf8mb4_general_ci;

--
-- Dumping data for table `privacy_policy`
--

INSERT INTO `privacy_policy` VALUES
(1,'<p>سياسة الخصوصية</p>');

--
-- Table structure for table `product`
--

CREATE TABLE `product` (
  `p_id` int(11) NOT NULL AUTO_INCREMENT,
  `title` text DEFAULT NULL,
  `price` double NOT NULL,
  `last_price` double NOT NULL,
  `size` double NOT NULL,
  `section_auct` varchar(255) NOT NULL,
  `place` varchar(255) NOT NULL,
  `city` varchar(255) NOT NULL,
  `detesauct` text NOT NULL,
  `date_second` text NOT NULL,
  `timesauct` text NOT NULL,
  `room_auct` int(11) DEFAULT NULL,
  `description` text NOT NULL,
  `video` text NOT NULL,
  `views` int(11) DEFAULT NULL,
  `click` int(11) DEFAULT NULL,
  `status` int(11) NOT NULL DEFAULT 0,
  `pay` int(11) NOT NULL DEFAULT 0,
  `likes` int(11) DEFAULT NULL,
  `mtdpay` text NOT NULL,
  `u_id` int(11) DEFAULT NULL,
  `googlemp` text DEFAULT NULL,
  PRIMARY KEY (`p_id`)
) ENGINE=InnoDB AUTO_INCREMENT=1033 DEFAULT CHARSET=utf8mb4 COLLATE=utf8mb4_general_ci;

--
-- Dumping data for table `product`
--

INSERT INTO `product` VALUES
(1018,'أرض مساحتها ٥٥٠٩مترمربع إطلالته على مشروع بروج/ترنوفو',20000,25000,5500,'أرضي','ترنفو','البوسنة','07-05-2022','07-04-2022','1 : 00 AM',10,'<p>مواصفات العقار:<br />أرض 5,5 دنم جميلة جداً<br />&nbsp;مستوية ومرتفعه في ترنوڤو<br />أرض مساحتها 5509 متر مربع&nbsp;<br />في منطقة تريباتشاي في مدينة ترنوڤو<br />&nbsp;تبعد 30 دقيقة عن مطار العاصمة 33كم<br />&nbsp;و35دقيقة عن سنتر مدينةسراييفو 38كم<br />&nbsp;ممتدة على 150متر شارع أسفلت<br />&nbsp;قريبة من الخدمات وموصلات &nbsp;العامة جيران مسلمين،&nbsp;<br />قريبة من جامع المنطقة،<br />&nbsp;واطلالة على أكبر الجبال الاولمبية بيلاشنيتسا وايجمان و مطله على أكبر مشروع عربي إماراتي بالبوسنة والهرسك بروج اوزون.</p>','BNSm4GFSZsc',543,543,0,0,2,'EUR',11,'https://maps.app.goo.gl/7zLN2CTmxD9L6vty5'),
(1022,'أرض٢٥٠٠مترمربع عليها أساس بيت ١٠٠مترمربع في وسط مدينة بريزا',20000,35000,2500,'أرضي','بريزا','سراييفو/ البوسنة و الهرسك','22-04-2022','22-03-2022','1 : 00 AM',9,'<p>أرض في&nbsp; وسط مدينة بريزا<br />أرض مساحتها 2500 متر مربع<br />عليها رخصه بناء مطله على المدينة و الريف<br />فيها قواعد خرسانيه لثلاث أدوار مساحتها 100 متر مربع</p>','3N3_m68cevk',446,446,0,0,0,'EUR',5,'https://maps.app.goo.gl/p1CnkicmBYBmuMC78'),
(1024,'أرض للبيع في بريزا البوسنة',18100,21000,1370,'أرضي','بريزا','سراييفو','07-04-2022','07-03-2022','1 : 00 AM',8,'<p>أرض سكنية قريبة من ايلياش في بريزا.&nbsp;<br />مساحتها 1370 متر مربع.<br />&nbsp;قريبة من كل الخدمات.</p><p>واصلها جميع الخدمات</p><p>&nbsp;ثلاث دقائق سيرا الى المسجد و المتجر.&nbsp;<br />مدخلها اسفلت و اطلالها جميلة.<br />&nbsp;كل الاوراق سليمة.</p>','dDEHpi7EcKs',824,824,1,0,1,'EUR',5,'https://maps.app.goo.gl/jNiwy5mGkAb5JEAb9'),
(1025,'أرض مساحتها 3400 مترمربع مستويه و على شارعين في البوسنة',20000,26000,3400,'أرضي','كجيفو','البوسنة','22-03-2022','22-02-2022','1 : 00 AM',8,'<p>أرض مساحتها حوالي 3.4 دونم<br />في kijevo التابعه لترنفو<br />14 كيلومتر جنوب المطار<br />400 متر من الطريق السريع<br />منطقة مسلمين و أصلها أسفلت و جميع الخدمات<br />على شارعين إسفلت و ترابي<br />إطلاله جميله على القرى و الطبيعه<br />1.4 كيلو من الجامع</p>','dl6jxu0F9Ws',333,333,0,0,0,'EUR',0,'https://goo.gl/maps/a5ppVESP3boDgTSZ9'),
(1026,'أرضين على النهر مساحته الارضين 1 دونم في البوسنة',25000,35000,1080,'أرضي','تارتشين','البوسنة','07-03-2022','07-02-2022','1 : 00 AM',7,'<p>أرضين متجاوره على النهر مباشره<br />مقابل الطريق السريع مباشره في مدينة تارشين<br />مساحة الاولى 437 متر مربع معا إضافة 58 متر مربع<br />ومساحة الثانيه 474 متر مربع معا إضافه 111 متر مربع<br />في مجمع أراضي خليجين<br />قريبا من مشروع منتجع الكندري و الاوركيد<br />تطل على جبل الابيض الذي يقام فيها الالعاب الاولمبيه<br />30 كيلو متر من المطار<br />رقم الارض الاولى 7<br />و رقم الارض الثانيه 8</p>','AzcueMex_Qo',317,317,0,0,0,'EUR',0,'https://maps.app.goo.gl/JHtmEMKsqAqkoUjw8'),
(1027,'بيت صغير على أرض 450 مترمربع في اليجا البوسنة',30000,40000,450,'إسترحات','اليجا','البوسنة','15-05-2022','15-04-2022','1 : 00 AM',6,'<p>في اليجا /1.5 كيلومتر من جامع ركفيتسا<br />و عند مدخل الطريق 12 فله لمشروع خليجي<br />و يبعد عن المطار 17 كيلومتر<br />بيت مساحته 85 متر مربع<br />على أرض مساحته 450 متر مربع<br />فيها الكهرباء و الماء و المجاري يمكن السكن فيه<br />إطلالتهم على ركفيتسا<br />في الدور الارضي مجلس و بلكون و غرفه و حمام و مطبخ<br />الدور الثاني غرفتان و مستودع<br />الدور الاسفل جاراج كبير يمكن تحويلها إلى غرفه و حمام فيها مصدرين ماء من البئر و البلديه<br />فيها بعض أشجار فاكهة</p>','vI9AzcMIjmo',361,361,0,0,0,'EUR',0,'https://goo.gl/maps/mMK55mMsYpnTBEXM6'),
(1028,'أرضين على النهر البوسنة مساحتة كل قطعه 2.5 دونم في البوسنة',40000,50000,2500,'أرضي','الياش','البوسنة','15-04-2022','01-04-2022','1 : 00 AM',5,'<p>البوسنة/ منطقة فوقتشى/الياش/سرايفو<br />تبعدعن المطار 22 كيلومتر<br />على النهر البوسنة مباشره بطول تقريبا 45 متر لكل أرض<br />مساحة كل أرض 2500متر مربع<br />جزء مستويه معا إطلاله جميله<br />منطقة فيها خدمات و مصرح لها بالبناء<br />تبعد عن الخط السريع 450 متر فقط<br />لقد ثم إستخراج لها رخصة اولية بالبناء فلة على كل أرضية</p>','jXuJb97becU',356,356,0,0,0,'EUR',0,'https://goo.gl/maps/fE8obaRQ26ripD326'),
(1029,'أرض مساحتها 10 دونم تصبح لمجمع سياحي في البوسنة',35000,45000,10000,'أرضي','الياش','البوسنة','15-04-2022','15-03-2022','1 : 00 AM',4,'<p>أرض مساحتها 10 دونم<br />مطله على نهر البوسنة و مركز مدينة الياش<br />تقع في نهائة مدينة فوكشكا تجاة الياش<br />واصلها الطريق و الخدمات<br />خلفها مشروع خليجي مجمع أرضي<br />تبعد عن المطار 16 كيلومتر<br />جيران بوسنيين مسلمين و خليجيين<br />تصلح للتقسيم و البناء</p>','YxV_Montxww',408,408,0,0,1,'EUR',0,'https://goo.gl/maps/Zzce8AT56fGokrzq7'),
(1030,'أستراحه 60 مترمربع على أرض 2دونم',20000,26000,2000,'إسترحات','كسلياك','البوسنة','01-04-2022','01-03-2022','1 : 00 AM',3,'<p>إستراحه مساحتها 60 مترمربع على أرض 2 دونم في نهاية حي راكوفيسا بدائة كسلياك تبعد عن المطار 19 كم على بعد 50 متر من الطريق الرئسي إطلاله جميلة و فيها جميع الخدمات و الرخص و فيها شجرةفاكه مثمره</p>','lxvxreMeTgw',383,383,0,0,0,'EUR',0,'https://goo.gl/maps/9VeJmrWynJsR7WuC6'),
(1031,'أرض مساحتها 5.5 دونم إطلاله جميله تصلح للتقسيم',77000,85000,5577,'أرضي','تارتشين','البوسنة','15-03-2022','15-02-2022','1 : 00 AM',2,'<p>ارض سكنيه مساحتها ٥٥٧٧ متر مربع في منطقه لوكا في مدخل منطقه تارتشين، ٢٠ دقيقه غرب مطار سراييفو، الارض شبه مستويه و مطله على الجبل الاوليمبي و مشاريع خليجيه و جيرانها مسلمين و بجوار المسجد و نادي الفروسيه، بها اسفلت و كل الخدمات، و تبعد ٣ كم من سنتر تارتشين. بالامكان تقسيمها و البناء عليها</p>','lpsiGru6G7M',535,535,0,0,0,'EUR',33,'https://maps.app.goo.gl/Kkjs4PZ2haB6rn5z7'),
(1032,'أرض مساحتها3300مترمربع عليها بيت مساحته٢٠٠مترمربع و ملحق ومزرعة فواكة/كاكن',55300,60000,3300,'فلل','كاكن','البوسنة','01-03-2022','01-02-2022','1 : 00 AM',1,'<p>أرض مساحتها٣٣٠٠مترمربع<br />عليها بيت مساحته٢٠٠مترمربع<br />و ملحق (جاراج /دواجن/ماشية/مستودع)<br />و الارض فيهامزرعة فواكة حوالي ٥٠ شجره<br />يمر على حدها ممر مائي صغير<br />في منطقة ريفيه في مدينة كاكن<br />تبعد عن مطار سراييفو حوالي ٤٥ كيلومتر<br />البيت يحتاج صيانة بسيطه</p>','ULcQT3TPmac',614,614,0,0,1,'EUR',5,'https://goo.gl/maps/sGQ3Vk5kRb8biFa78');

--
-- Table structure for table `product_user`
--

CREATE TABLE `product_user` (
  `pr_id` int(11) NOT NULL AUTO_INCREMENT,
  `p_id` int(11) NOT NULL DEFAULT 0,
  `u_id` int(11) NOT NULL DEFAULT 0,
  `price` double NOT NULL,
  `mtdpay` mediumtext NOT NULL,
  PRIMARY KEY (`pr_id`)
) ENGINE=InnoDB AUTO_INCREMENT=20 DEFAULT CHARSET=utf8mb4 COLLATE=utf8mb4_general_ci;

--
-- Dumping data for table `product_user`
--

INSERT INTO `product_user` VALUES
(1,0,114,10287,''),
(2,0,114,500,''),
(3,0,114,1000,''),
(4,0,113,500,''),
(5,0,114,1500,''),
(6,0,113,1000,''),
(7,0,113,1500,''),
(8,0,114,2000,''),
(9,0,113,2000,''),
(10,0,113,2,''),
(11,0,113,1500,''),
(12,0,113,1500,''),
(13,0,113,582721,''),
(14,0,113,2000,''),
(15,0,114,9000,''),
(16,0,114,7500,''),
(17,0,1,30009,''),
(18,0,1,30009,'USD'),
(19,0,1,98000,'USD');

--
-- Table structure for table `romes_auction`
--

CREATE TABLE `romes_auction` (
  `rom_id` int(11) NOT NULL AUTO_INCREMENT,
  `price` double NOT NULL,
  `number_rom` int(11) NOT NULL DEFAULT 0,
  `complet` int(11) NOT NULL DEFAULT 0,
  `status` int(11) NOT NULL DEFAULT 0,
  `day` int(11) NOT NULL,
  `month` int(11) NOT NULL,
  `year` int(11) NOT NULL,
  `datestart` mediumtext NOT NULL,
  `members` int(11) NOT NULL DEFAULT 0,
  `mtdpay` mediumtext NOT NULL,
  PRIMARY KEY (`rom_id`)
) ENGINE=InnoDB AUTO_INCREMENT=62 DEFAULT CHARSET=utf8mb4 COLLATE=utf8mb4_general_ci;

--
-- Dumping data for table `romes_auction`
--

INSERT INTO `romes_auction` VALUES
(52,0,1,0,0,1,2,2022,'01-02-2022',0,'EUR'),
(53,0,2,0,0,15,2,2022,'15-02-2022',0,'EUR'),
(54,0,3,0,1,1,3,2022,'01-03-2022',0,'EUR'),
(55,0,4,0,0,15,3,2022,'15-03-2022',0,'EUR'),
(56,0,5,0,0,1,4,2022,'01-04-2022',0,'EUR'),
(57,0,6,0,0,15,4,2022,'15-04-2022',0,'EUR'),
(58,0,7,0,0,7,2,2022,'07-02-2022',0,'EUR'),
(59,0,8,0,1,22,2,2022,'22-02-2022',0,'EUR'),
(60,0,9,0,0,7,3,2022,'07-03-2022',0,'EUR'),
(61,0,10,0,0,22,3,2022,'22-03-2022',0,'EUR');

--
-- Table structure for table `section_social`
--

CREATE TABLE `section_social` (
  `to_id` int(11) NOT NULL AUTO_INCREMENT,
  `facebook` mediumtext NOT NULL,
  `instagram` mediumtext NOT NULL,
  `twitter` mediumtext NOT NULL,
  PRIMARY KEY (`to_id`)
) ENGINE=InnoDB AUTO_INCREMENT=2 DEFAULT CHARSET=utf8mb4 COLLATE=utf8mb4_general_ci;

--
-- Dumping data for table `section_social`
--

INSERT INTO `section_social` VALUES
(1,'bosniaforgulf/','CUZb5QVsg9I','khaledbinkulai1?s=08');

--
-- Table structure for table `top_section`
--

CREATE TABLE `top_section` (
  `to_id` int(11) NOT NULL AUTO_INCREMENT,
  `title` varchar(255) NOT NULL,
  `description` varchar(255) NOT NULL,
  PRIMARY KEY (`to_id`)
) ENGINE=InnoDB AUTO_INCREMENT=2 DEFAULT CHARSET=utf8mb4 COLLATE=utf8mb4_general_ci;

--
-- Dumping data for table `top_section`
--

INSERT INTO `top_section` VALUES
(1,'100٪ مزادات العقارات على الإنترنت. الكثير من العقارات للبيع كل يوم.','قم بالتسجيل في عضوية UAEBEST المجانية وابدأ المزايدة والفوز بالمزادات');

--
-- Table structure for table `videos`
--

CREATE TABLE `videos` (
  `id` int(11) NOT NULL AUTO_INCREMENT,
  `text` mediumtext NOT NULL,
  PRIMARY KEY (`id`)
) ENGINE=InnoDB AUTO_INCREMENT=3 DEFAULT CHARSET=utf8mb4 COLLATE=utf8mb4_general_ci;

--
-- Dumping data for table `videos`
--

INSERT INTO `videos` VALUES
(2,'https://www.youtube.com/watch?v=ABGbMhfP3DI&feature=youtu.be');

--
-- Table structure for table `who_us`
--

CREATE TABLE `who_us` (
  `id` int(11) NOT NULL AUTO_INCREMENT,
  `text` mediumtext NOT NULL,
  PRIMARY KEY (`id`)
) ENGINE=InnoDB AUTO_INCREMENT=3 DEFAULT CHARSET=utf8mb4 COLLATE=utf8mb4_general_ci;

--
-- Dumping data for table `who_us`
--

INSERT INTO `who_us` VALUES
(2,'<p>&nbsp; &nbsp; &nbsp;السلام عليكم و رحمة الله و بركاتة<br />هذه الموقع خاص لعرض مزادات عقارات&nbsp;<br />يجب التواصل معا الاداره لعرض عقاركم للمزايده<br />واتس اب 00971505555017&nbsp;</p>');

--
-- Table structure for table `why_us`
--

CREATE TABLE `why_us` (
  `id` int(11) NOT NULL AUTO_INCREMENT,
  `text` text NOT NULL,
  PRIMARY KEY (`id`)
) ENGINE=InnoDB AUTO_INCREMENT=2 DEFAULT CHARSET=utf8mb4 COLLATE=utf8mb4_general_ci;

--
-- Dumping data for table `why_us`
--

INSERT INTO `why_us` VALUES
(1,'<p>كريتر هي شركة عالمية رائدة في مزادات العقارات عبر الإنترنت ، ووجهة رئيسية لإعادة بيع و المزايده عبرها للحصول على افضل الاسعار للطرفين. متخصص في مزادات العقارات ، الموقع يجعل من السهل على الأعضاء العثور على العقار التي يبحثون عنها والمزايدة عليها والفوز بها. من عقارات (أرضي ، فلل ، بيوت شعبية ، على النهر ، تجاريه ، إسترحات ، شقق ، مزارع ) ، يمكن للأعضاء المزايدة على العقارات والمزيد. فإن uaebest تضع القدرة على تقديم العروض</p>');


