--
-- Host: localhost    Database: uaebest_auctions
-- ------------------------------------------------------


--
-- Table structure for table `auctions_pys`
--

CREATE TABLE `auctions_pys` (
  `id` int(11) NOT NULL AUTO_INCREMENT,
  `one` text NOT NULL,
  `two` text NOT NULL,
  `modes` int(11) NOT NULL DEFAULT 0,
  PRIMARY KEY (`id`)
) ENGINE=InnoDB AUTO_INCREMENT=2 DEFAULT CHARSET=utf8mb3 COLLATE=utf8mb3_general_ci;

--
-- Dumping data for table `auctions_pys`
--

INSERT INTO `auctions_pys` VALUES
(1,'AWb42tIN8pA4ZQhR7Zl8mYEsRV6fOAHZ8LHdaCvLMpdBzAcdrwzkngz-NSFAfXTJ4qI_ICul75rrkn5U','EIlSIeLRSTkGHS4Dz_2tv8WsJ9ScfNZs9ISXAOyYhHVw6vlhwvtybZVIXxgfvoZc_36MMwN3kp3xUObn',1);

--
-- Table structure for table `basket_auct`
--

CREATE TABLE `basket_auct` (
  `b_id` int(11) NOT NULL AUTO_INCREMENT,
  `p_id` int(11) NOT NULL,
  `u_id` int(11) NOT NULL,
  PRIMARY KEY (`b_id`)
) ENGINE=InnoDB AUTO_INCREMENT=65 DEFAULT CHARSET=utf8mb3 COLLATE=utf8mb3_general_ci;

--
-- Dumping data for table `basket_auct`
--

INSERT INTO `basket_auct` VALUES
(35,74,114),
(37,1,113),
(40,9,113),
(44,1006,113),
(45,1012,113),
(47,1010,113),
(48,1008,113),
(49,1005,113),
(50,1013,120),
(55,1018,1),
(56,1018,3),
(57,1017,3),
(58,1020,3),
(59,1016,3),
(61,1024,1),
(62,1023,1),
(63,1032,1),
(64,1029,1);

--
-- Table structure for table `bid_product`
--

CREATE TABLE `bid_product` (
  `bid_id` int(11) NOT NULL AUTO_INCREMENT,
  `p_id` int(11) NOT NULL,
  `dp_id` int(11) NOT NULL DEFAULT 0,
  `u_id` int(11) NOT NULL DEFAULT 0,
  `price` double NOT NULL,
  `accept_done` int(11) NOT NULL DEFAULT 0,
  `pay` int(11) NOT NULL DEFAULT 0,
  `done` int(11) NOT NULL DEFAULT 0,
  `starts` int(11) NOT NULL DEFAULT 0,
  `mtdpay` text NOT NULL,
  PRIMARY KEY (`bid_id`)
) ENGINE=InnoDB AUTO_INCREMENT=85 DEFAULT CHARSET=utf8mb3 COLLATE=utf8mb3_general_ci;

--
-- Dumping data for table `bid_product`
--

INSERT INTO `bid_product` VALUES
(73,1024,1024,9,18100,0,0,1,0,'EUR'),
(74,1022,0,0,22100,0,0,0,0,'EUR'),
(75,1018,1018,0,20500,0,0,0,0,'EUR'),
(76,1025,0,0,20000,0,0,0,0,'USD'),
(77,1026,0,0,25000,0,0,0,0,'USD'),
(78,1027,0,0,30000,0,0,0,0,'USD'),
(79,1028,0,0,40000,0,0,0,0,'EUR'),
(80,1029,0,0,35000,0,0,0,0,'EUR'),
(81,1030,0,0,20000,0,0,0,0,'EUR'),
(82,1031,1031,0,77000,0,0,0,0,'EUR'),
(83,1032,1032,0,55300,0,0,0,0,'EUR'),
(84,1034,0,0,888,0,0,0,0,'USD');

--
-- Table structure for table `category`
--

CREATE TABLE `category` (
  `ct_id` int(11) NOT NULL AUTO_INCREMENT,
  `name` varchar(233) NOT NULL,
  PRIMARY KEY (`ct_id`)
) ENGINE=InnoDB AUTO_INCREMENT=19 DEFAULT CHARSET=utf8mb3 COLLATE=utf8mb3_general_ci;

--
-- Dumping data for table `category`
--

INSERT INTO `category` VALUES
(9,'ÃÂ£ÃÂ±ÃÂ¶ÃÅ '),
(10,'ÃÂ¥ÃÂ³ÃÂªÃÂ±ÃÂ­ÃÂ§ÃÂª'),
(11,'ÃÂ¹ÃâÃâ° ÃÂ§ÃâÃâ Ãâ¡ÃÂ±'),
(12,'ÃÂÃâÃâ'),
(13,'ÃÂªÃÂ¬ÃÂ§ÃÂ±ÃÅ ÃÂ©'),
(14,'Ãâ¦ÃÂ²ÃÂ§ÃÂ±ÃÂ¹'),
(15,'ÃÂ´ÃâÃâ'),
(16,'ÃÂ¨ÃÅ ÃÂª ÃÂ´ÃÂ¹ÃÂ¨ÃÅ '),
(18,'ÃÂ¹Ãâ¦ÃâÃÂ© ÃÂ§ÃâÃÂ±ÃâÃâ¦ÃÅ Ãâ¡ ÃÂ§ÃâÃÂ¯ÃÅ Ãâ ÃÂ§ÃÂ± ÃÂ§ÃâÃÂ§ÃÂ³ÃâÃÂ§Ãâ¦ÃÅ ');

--
-- Table structure for table `center_section`
--

CREATE TABLE `center_section` (
  `to_id` int(11) NOT NULL AUTO_INCREMENT,
  `title` varchar(244) NOT NULL,
  `description` text NOT NULL,
  PRIMARY KEY (`to_id`)
) ENGINE=InnoDB AUTO_INCREMENT=2 DEFAULT CHARSET=utf8mb3 COLLATE=utf8mb3_general_ci;

--
-- Dumping data for table `center_section`
--

INSERT INTO `center_section` VALUES
(1,'Ãâ¦ÃÂ§ Ãâ¡ÃÅ  Ãâ¦ÃÂ²ÃÂ§ÃÂ¯ÃÂ§ÃÂª uaebest ÃâÃâÃÂ¹ÃâÃÂ§ÃÂ±ÃÂ§ÃÂªÃÅ¸','ÃÆÃÂ±ÃÅ ÃÂªÃÂ± Ãâ¡ÃÅ  ÃÂ´ÃÂ±ÃÆÃÂ© ÃÂ¹ÃÂ§ÃâÃâ¦ÃÅ ÃÂ© ÃÂ±ÃÂ§ÃÂ¦ÃÂ¯ÃÂ© ÃÂÃÅ  Ãâ¦ÃÂ²ÃÂ§ÃÂ¯ÃÂ§ÃÂª ÃÂ§ÃâÃÂ¹ÃâÃÂ§ÃÂ±ÃÂ§ÃÂª ÃÂ¹ÃÂ¨ÃÂ± ÃÂ§ÃâÃÂ¥Ãâ ÃÂªÃÂ±Ãâ ÃÂª ÃÅ ÃËÃËÃÂ¬Ãâ¡ÃÂ© ÃÂ±ÃÂ¦ÃÅ ÃÂ³ÃÅ ÃÂ© ÃâÃÂ¥ÃÂ¹ÃÂ§ÃÂ¯ÃÂ© ÃÂ¨ÃÅ ÃÂ¹ ÃË ÃÂ§ÃâÃâ¦ÃÂ²ÃÂ§ÃÅ ÃÂ¯Ãâ¡ ÃÂ¹ÃÂ¨ÃÂ±Ãâ¡ÃÂ§ ÃâÃâÃÂ­ÃÂµÃËÃâ ÃÂ¹ÃâÃâ° ÃÂ§ÃÂÃÂ¶Ãâ ÃÂ§ÃâÃÂ§ÃÂ³ÃÂ¹ÃÂ§ÃÂ± ÃâÃâÃÂ·ÃÂ±ÃÂÃÅ Ãâ . Ãâ¦ÃÂªÃÂ®ÃÂµÃÂµ ÃÂÃÅ  Ãâ¦ÃÂ²ÃÂ§ÃÂ¯ÃÂ§ÃÂª ÃÂ§ÃâÃÂ¹ÃâÃÂ§ÃÂ±ÃÂ§ÃÂª ÃÅ ÃÂ§ÃâÃâ¦ÃËÃâÃÂ¹ ÃÅ ÃÂ¬ÃÂ¹Ãâ Ãâ¦Ãâ  ÃÂ§ÃâÃÂ³Ãâ¡Ãâ ÃÂ¹ÃâÃâ° ÃÂ§ÃâÃÂ£ÃÂ¹ÃÂ¶ÃÂ§ÃÂ¡ ÃÂ§ÃâÃÂ¹ÃÂ«ÃËÃÂ± ÃÂ¹ÃâÃâ° ÃÂ§ÃâÃÂ¹ÃâÃÂ§ÃÂ± ÃÂ§ÃâÃÂªÃÅ  ÃÅ ÃÂ¨ÃÂ­ÃÂ«ÃËÃâ  ÃÂ¹Ãâ Ãâ¡ÃÂ§ ÃËÃÂ§ÃâÃâ¦ÃÂ²ÃÂ§ÃÅ ÃÂ¯ÃÂ© ÃÂ¹ÃâÃÅ Ãâ¡ÃÂ§ ÃËÃÂ§ÃâÃÂÃËÃÂ² ÃÂ¨Ãâ¡ÃÂ§. Ãâ¦Ãâ  ÃÂ¹ÃâÃÂ§ÃÂ±ÃÂ§ÃÂª (ÃÂ£ÃÂ±ÃÂ¶ÃÅ  ÃÅ ÃÂÃâÃâ ÃÅ ÃÂ¨ÃÅ ÃËÃÂª ÃÂ´ÃÂ¹ÃÂ¨ÃÅ ÃÂ© ÃÅ ÃÂ¹ÃâÃâ° ÃÂ§ÃâÃâ Ãâ¡ÃÂ± ÃÅ ÃÂªÃÂ¬ÃÂ§ÃÂ±ÃÅ Ãâ¡ ÃÅ ÃÂ¥ÃÂ³ÃÂªÃÂ±ÃÂ­ÃÂ§ÃÂª ÃÅ ÃÂ´ÃâÃâ ÃÅ Ãâ¦ÃÂ²ÃÂ§ÃÂ±ÃÂ¹ ) ÃÅ ÃÅ Ãâ¦ÃÆÃâ  ÃâÃâÃÂ£ÃÂ¹ÃÂ¶ÃÂ§ÃÂ¡ ÃÂ§ÃâÃâ¦ÃÂ²ÃÂ§ÃÅ ÃÂ¯ÃÂ© ÃÂ¹ÃâÃâ° ÃÂ§ÃâÃÂ¹ÃâÃÂ§ÃÂ±ÃÂ§ÃÂª ÃËÃÂ§ÃâÃâ¦ÃÂ²ÃÅ ÃÂ¯. ÃÂÃÂ¥Ãâ  uaebest ÃÂªÃÂ¶ÃÂ¹ ÃÂ§ÃâÃâÃÂ¯ÃÂ±ÃÂ© ÃÂ¹ÃâÃâ° ÃÂªÃâÃÂ¯ÃÅ Ãâ¦ ÃÂ§ÃâÃÂ¹ÃÂ±ÃËÃÂ¶');

--
-- Table structure for table `contact_mail`
--

CREATE TABLE `contact_mail` (
  `mail_id` int(11) NOT NULL AUTO_INCREMENT,
  `name` varchar(255) NOT NULL,
  `email` varchar(100) NOT NULL,
  `number` int(11) NOT NULL,
  `subject` text NOT NULL,
  `re` text DEFAULT NULL,
  PRIMARY KEY (`mail_id`)
) ENGINE=InnoDB AUTO_INCREMENT=35 DEFAULT CHARSET=utf8mb3 COLLATE=utf8mb3_general_ci;

--
-- Dumping data for table `contact_mail`
--

INSERT INTO `contact_mail` VALUES
(8,'ÃÂ®ÃÂ§ÃâÃÂ¯','crater54@gmail.com',2147483647,'Test','\r\n        '),
(9,'KfnqDuxw','testing@example.com',1,'wLLJU8a5',NULL),
(10,'KfnqDuxw','testing@example.com',1,'1*',NULL),
(11,'KfnqDuxw','testing@example.com',1,'1*',NULL),
(12,'KfnqDuxw','testing@example.com',1,'1*',NULL),
(13,'KfnqDuxw','testing@example.com',1,'1*',NULL),
(14,'KfnqDuxw','testing@example.com',1,'-1 OR 2+692-692-1=0+0+0+1',NULL),
(15,'KfnqDuxw','testing@example.com',1,'-1 OR 3+692-692-1=0+0+0+1',NULL),
(16,'KfnqDuxw','testing@example.com',1,'if(now()=sysdate(),sleep(15),0)',NULL),
(17,'KfnqDuxw','testing@example.com',1,'0\'XOR(if(now()=sysdate(),sleep(15),0))XOR\'Z',NULL),
(18,'KfnqDuxw','testing@example.com',1,'0\"XOR(if(now()=sysdate(),sleep(15),0))XOR\"Z',NULL),
(19,'KfnqDuxw','testing@example.com',1,'(select(0)from(select(sleep(15)))v)/*\'+(select(0)from(select(sleep(15)))v)+\'\"+(select(0)from(select(sleep(15)))v)+\"*/',NULL),
(20,'KfnqDuxw','testing@example.com',1,'-1; waitfor delay \'0:0:15\' --',NULL),
(21,'KfnqDuxw','testing@example.com',1,'-1); waitfor delay \'0:0:15\' --',NULL),
(22,'KfnqDuxw','testing@example.com',1,'1 waitfor delay \'0:0:15\' --',NULL),
(23,'KfnqDuxw','testing@example.com',1,'uhobGAWq\'; waitfor delay \'0:0:15\' --',NULL),
(24,'KfnqDuxw','testing@example.com',1,'-5 OR 664=(SELECT 664 FROM PG_SLEEP(15))--',NULL),
(25,'KfnqDuxw','testing@example.com',1,'-5) OR 930=(SELECT 930 FROM PG_SLEEP(15))--',NULL),
(26,'KfnqDuxw','testing@example.com',1,'-1)) OR 289=(SELECT 289 FROM PG_SLEEP(15))--',NULL),
(27,'KfnqDuxw','testing@example.com',1,'PrjA7zov\' OR 518=(SELECT 518 FROM PG_SLEEP(15))--',NULL),
(28,'KfnqDuxw','testing@example.com',1,'64jPXHAS\') OR 915=(SELECT 915 FROM PG_SLEEP(15))--',NULL),
(29,'KfnqDuxw','testing@example.com',1,'35qb31L7\')) OR 403=(SELECT 403 FROM PG_SLEEP(15))--',NULL),
(30,'KfnqDuxw','testing@example.com',1,'*DBMS_PIPE.RECEIVE_MESSAGE(CHR(99)||CHR(99)||CHR(99),15)',NULL),
(31,'KfnqDuxw','testing@example.com',1,'\'||DBMS_PIPE.RECEIVE_MESSAGE(CHR(98)||CHR(98)||CHR(98),15)||\'',NULL),
(32,'KfnqDuxw','testing@example.com',1,'1\'\"',NULL),
(33,'KfnqDuxw','testing@example.com',1,'1\0ÃÂ§ÃÂ¢%2527%2522',NULL),
(34,'KfnqDuxw','testing@example.com',1,'@@8ubVE',NULL);

--
-- Table structure for table `contact_user_profile`
--

CREATE TABLE `contact_user_profile` (
  `id` int(11) NOT NULL AUTO_INCREMENT,
  `u_id` int(11) NOT NULL DEFAULT 0,
  `message` text NOT NULL,
  PRIMARY KEY (`id`)
) ENGINE=InnoDB AUTO_INCREMENT=67 DEFAULT CHARSET=latin1 COLLATE=latin1_swedish_ci;

--
-- Dumping data for table `contact_user_profile`
--

INSERT INTO `contact_user_profile` VALUES
(1,1,'\r\n    testing    '),
(2,1,'second testing\r\n'),
(3,1,'\r\n        three testing'),
(4,1,'for testing\r\n        '),
(5,1,'Ãâ¦ÃÂ±ÃÂ­ÃÂ¨ÃÂ§ ÃÂ¨ÃÆ ÃÅ ÃÂ§ ÃÂ³ÃÅ ÃÂ¯ ÃÂÃÂ¤ÃÂ§ÃÂ¯ ÃâÃÆÃÅ  ÃÂªÃÂªÃâ¦ÃÆÃâ  Ãâ¦Ãâ  ÃÂ§ÃâÃâ¦ÃÂ²ÃÂ§ÃÅ ÃÂ¯ÃÂ© ÃÂ§ÃâÃâ¦ÃÂ±ÃÂ¬ÃË  ÃÂ§ÃâÃÂ¶ÃÂºÃÂ· ÃÂ¹ÃâÃâ° ÃÂ§ÃâÃÂ²ÃÂ± ÃÂ£ÃÂ³ÃÂÃâÃâ¡ ÃâÃÆÃÅ  ÃÅ ÃÆÃÂªÃâ¦Ãâ Ãâ¦ÃâÃÂÃÆ ÃÂ§ÃâÃÂ´ÃÂ®ÃÂµÃÅ  Ãâ¡ÃÂ¯Ãâ¡ ÃÂ³ÃÅ ÃÂ§ÃÂ³ÃÂ© ÃÂ§ÃâÃâ¦ÃËÃâÃÂ¹ ÃâÃÂ¶Ãâ¦ÃÂ§Ãâ  Ãâ¦ÃÂµÃÂ¯ÃÂ§ÃâÃÅ ÃÂªÃâ ÃÂ§ '),
(6,1,'Ãâ¦ÃÂ±ÃÂ­ÃÂ¨ÃÂ§ ÃÂ¨ÃÆ ÃÅ ÃÂ§ ÃÂ³ÃÅ ÃÂ¯ ÃÂÃÂ¤ÃÂ§ÃÂ¯ ÃâÃÆÃÅ  ÃÂªÃÂªÃâ¦ÃÆÃâ  Ãâ¦Ãâ  ÃÂ§ÃâÃâ¦ÃÂ²ÃÂ§ÃÅ ÃÂ¯ÃÂ© ÃÂ§ÃâÃâ¦ÃÂ±ÃÂ¬ÃË ÃÂ§ÃâÃÂ¶ÃÂºÃÂ· ÃÂ¹ÃâÃâ° ÃÂ§ÃâÃÂ²ÃÂ± ÃÂ£ÃÂ³ÃÂÃâÃâ¡ ÃâÃÆÃÅ  ÃÅ ÃÆÃÂªÃâ¦Ãâ Ãâ¦ÃâÃÂÃÆ ÃÂ§ÃâÃÂ´ÃÂ®ÃÂµÃÅ  Ãâ¡ÃÂ¯Ãâ¡ ÃÂ³ÃÅ ÃÂ§ÃÂ³ÃÂ© ÃÂ§ÃâÃâ¦ÃËÃâÃÂ¹ ÃâÃÂ¶Ãâ¦ÃÂ§Ãâ  Ãâ¦ÃÂµÃÂ¯ÃÂ§ÃâÃÅ ÃÂªÃâ ÃÂ§\r\n\r\n        '),
(7,1,'Ãâ¦ÃÂ±ÃÂ­ÃÂ¨ÃÂ§ ÃÂ¨ÃÆ ÃÅ ÃÂ§ ÃÂ³ÃÅ ÃÂ¯ ÃÂÃÂ¤ÃÂ§ÃÂ¯ ÃâÃÆÃÅ  ÃÂªÃÂªÃâ¦ÃÆÃâ  Ãâ¦Ãâ  ÃÂ§ÃâÃâ¦ÃÂ²ÃÂ§ÃÅ ÃÂ¯ÃÂ© ÃÂ§ÃâÃâ¦ÃÂ±ÃÂ¬ÃË ÃÂ§ÃâÃÂ¶ÃÂºÃÂ· ÃÂ¹ÃâÃâ° ÃÂ§ÃâÃÂ²ÃÂ± ÃÂ£ÃÂ³ÃÂÃâÃâ¡ ÃâÃÆÃÅ  ÃÅ ÃÆÃÂªÃâ¦Ãâ Ãâ¦ÃâÃÂÃÆ ÃÂ§ÃâÃÂ´ÃÂ®ÃÂµÃÅ  Ãâ¡ÃÂ¯Ãâ¡ ÃÂ³ÃÅ ÃÂ§ÃÂ³ÃÂ© ÃÂ§ÃâÃâ¦ÃËÃâÃÂ¹ ÃâÃÂ¶Ãâ¦ÃÂ§Ãâ  Ãâ¦ÃÂµÃÂ¯ÃÂ§ÃâÃÅ ÃÂªÃâ ÃÂ§\r\n\r\n        '),
(8,6,'\r\n        '),
(9,7,'\r\n        '),
(10,8,'\r\n        '),
(11,1,'\r\n        '),
(12,6,'\r\n        '),
(13,1,'ÃÂ§ÃâÃâ¦ÃÂ±ÃÂ¬ÃË ÃÂ¥ÃÂ±ÃÂÃÂ§Ãâ ÃÂ¨ÃÂ·ÃÂ§ÃâÃÂ© ÃÂ§ÃâÃâ¡ÃËÃÅ ÃÂ© ÃâÃÂ¥ÃÆÃâ¦ÃÂ§Ãâ Ãâ¦ÃâÃÂÃÆ ÃÂ§ÃâÃÂ´ÃÂ®ÃÂµÃÅ '),
(14,1,' \r\n    Ãâ¦ÃÂ±ÃÂ­ÃÂ¨ÃÂ§ ÃÂ¨ÃÆ ÃÅ ÃÂ§ ÃÂ³ÃÅ ÃÂ¯ fouad\r\n    ÃÂ§ÃâÃâ¦ÃÂ±ÃÂ¬ÃË ÃÂ¥ÃÂ±ÃÂÃÂ§Ãâ ÃÂ¨ÃÂ·ÃÂ§ÃâÃÂ© ÃÂ§ÃâÃâ¡ÃËÃÅ ÃÂ© ÃâÃÂ¥ÃÆÃâ¦ÃÂ§Ãâ Ãâ¦ÃâÃÂÃÆ ÃÂ§ÃâÃÂ´ÃÂ®ÃÂµÃÅ '),
(15,1,'   ÃÂ§ÃâÃâ¦ÃÂ±ÃÂ¬ÃË ÃÂ¥ÃÂ±ÃÂÃÂ§Ãâ ÃÂ¨ÃÂ·ÃÂ§ÃâÃÂ© ÃÂ§ÃâÃâ¡ÃËÃÅ ÃÂ© ÃâÃÂ¥ÃÆÃâ¦ÃÂ§Ãâ Ãâ¦ÃâÃÂÃÆ ÃÂ§ÃâÃÂ´ÃÂ®ÃÂµÃÅ '),
(16,1,'   ÃÂ§ÃâÃâ¦ÃÂ±ÃÂ¬ÃË ÃÂ¥ÃÂ±ÃÂÃÂ§Ãâ ÃÂ¨ÃÂ·ÃÂ§ÃâÃÂ© ÃÂ§ÃâÃâ¡ÃËÃÅ ÃÂ© ÃâÃÂ¥ÃÆÃâ¦ÃÂ§Ãâ Ãâ¦ÃâÃÂÃÆ ÃÂ§ÃâÃÂ´ÃÂ®ÃÂµÃÅ '),
(17,1,'   ÃÂ§ÃâÃâ¦ÃÂ±ÃÂ¬ÃË ÃÂ¥ÃÂ±ÃÂÃÂ§Ãâ ÃÂ¨ÃÂ·ÃÂ§ÃâÃÂ© ÃÂ§ÃâÃâ¡ÃËÃÅ ÃÂ© ÃâÃÂ¥ÃÆÃâ¦ÃÂ§Ãâ Ãâ¦ÃâÃÂÃÆ ÃÂ§ÃâÃÂ´ÃÂ®ÃÂµÃÅ '),
(18,8,'   ÃÂ§ÃâÃâ¦ÃÂ±ÃÂ¬ÃË ÃÂ¥ÃÂ±ÃÂÃÂ§Ãâ ÃÂ¨ÃÂ·ÃÂ§ÃâÃÂ© ÃÂ§ÃâÃâ¡ÃËÃÅ ÃÂ© ÃâÃÂ¥ÃÆÃâ¦ÃÂ§Ãâ Ãâ¦ÃâÃÂÃÆ ÃÂ§ÃâÃÂ´ÃÂ®ÃÂµÃÅ '),
(19,7,'   ÃÂ§ÃâÃâ¦ÃÂ±ÃÂ¬ÃË ÃÂ¥ÃÂ±ÃÂÃÂ§Ãâ ÃÂ¨ÃÂ·ÃÂ§ÃâÃÂ© ÃÂ§ÃâÃâ¡ÃËÃÅ ÃÂ© ÃâÃÂ¥ÃÆÃâ¦ÃÂ§Ãâ Ãâ¦ÃâÃÂÃÆ ÃÂ§ÃâÃÂ´ÃÂ®ÃÂµÃÅ '),
(20,6,'   ÃÂ§ÃâÃâ¦ÃÂ±ÃÂ¬ÃË ÃÂ¥ÃÂ±ÃÂÃÂ§Ãâ ÃÂ¨ÃÂ·ÃÂ§ÃâÃÂ© ÃÂ§ÃâÃâ¡ÃËÃÅ ÃÂ© ÃâÃÂ¥ÃÆÃâ¦ÃÂ§Ãâ Ãâ¦ÃâÃÂÃÆ ÃÂ§ÃâÃÂ´ÃÂ®ÃÂµÃÅ '),
(21,6,'   ÃÂ§ÃâÃâ¦ÃÂ±ÃÂ¬ÃË ÃÂ¥ÃÂ±ÃÂÃÂ§Ãâ ÃÂ¨ÃÂ·ÃÂ§ÃâÃÂ© ÃÂ§ÃâÃâ¡ÃËÃÅ ÃÂ© ÃâÃÂ¥ÃÆÃâ¦ÃÂ§Ãâ Ãâ¦ÃâÃÂÃÆ ÃÂ§ÃâÃÂ´ÃÂ®ÃÂµÃÅ '),
(22,1,'   ÃÂ§ÃâÃâ¦ÃÂ±ÃÂ¬ÃË ÃÂ¥ÃÂ±ÃÂÃÂ§Ãâ ÃÂ¨ÃÂ·ÃÂ§ÃâÃÂ© ÃÂ§ÃâÃâ¡ÃËÃÅ ÃÂ© ÃâÃÂ¥ÃÆÃâ¦ÃÂ§Ãâ Ãâ¦ÃâÃÂÃÆ ÃÂ§ÃâÃÂ´ÃÂ®ÃÂµÃÅ '),
(23,7,'   ÃÂ§ÃâÃâ¦ÃÂ±ÃÂ¬ÃË ÃÂ¥ÃÂ±ÃÂÃÂ§Ãâ ÃÂ¨ÃÂ·ÃÂ§ÃâÃÂ© ÃÂ§ÃâÃâ¡ÃËÃÅ ÃÂ© ÃâÃÂ¥ÃÆÃâ¦ÃÂ§Ãâ Ãâ¦ÃâÃÂÃÆ ÃÂ§ÃâÃÂ´ÃÂ®ÃÂµÃÅ '),
(24,8,'   ÃÂ§ÃâÃâ¦ÃÂ±ÃÂ¬ÃË ÃÂ¥ÃÂ±ÃÂÃÂ§Ãâ ÃÂ¨ÃÂ·ÃÂ§ÃâÃÂ© ÃÂ§ÃâÃâ¡ÃËÃÅ ÃÂ© ÃâÃÂ¥ÃÆÃâ¦ÃÂ§Ãâ Ãâ¦ÃâÃÂÃÆ ÃÂ§ÃâÃÂ´ÃÂ®ÃÂµÃÅ '),
(25,9,'   ÃÂ§ÃâÃâ¦ÃÂ±ÃÂ¬ÃË ÃÂ¥ÃÂ±ÃÂÃÂ§Ãâ ÃÂ¨ÃÂ·ÃÂ§ÃâÃÂ© ÃÂ§ÃâÃâ¡ÃËÃÅ ÃÂ© ÃâÃÂ¥ÃÆÃâ¦ÃÂ§Ãâ Ãâ¦ÃâÃÂÃÆ ÃÂ§ÃâÃÂ´ÃÂ®ÃÂµÃÅ '),
(26,9,'   ÃÂ§ÃâÃâ¦ÃÂ±ÃÂ¬ÃË ÃÂ¥ÃÂ±ÃÂÃÂ§Ãâ ÃÂ¨ÃÂ·ÃÂ§ÃâÃÂ© ÃÂ§ÃâÃâ¡ÃËÃÅ ÃÂ© ÃâÃÂ¥ÃÆÃâ¦ÃÂ§Ãâ Ãâ¦ÃâÃÂÃÆ ÃÂ§ÃâÃÂ´ÃÂ®ÃÂµÃÅ '),
(27,12,'   ÃÂ§ÃâÃâ¦ÃÂ±ÃÂ¬ÃË ÃÂ¥ÃÂ±ÃÂÃÂ§Ãâ ÃÂ¨ÃÂ·ÃÂ§ÃâÃÂ© ÃÂ§ÃâÃâ¡ÃËÃÅ ÃÂ© ÃâÃÂ¥ÃÆÃâ¦ÃÂ§Ãâ Ãâ¦ÃâÃÂÃÆ ÃÂ§ÃâÃÂ´ÃÂ®ÃÂµÃÅ '),
(28,12,'   ÃÂ§ÃâÃâ¦ÃÂ±ÃÂ¬ÃË ÃÂ¥ÃÂ±ÃÂÃÂ§Ãâ ÃÂ¨ÃÂ·ÃÂ§ÃâÃÂ© ÃÂ§ÃâÃâ¡ÃËÃÅ ÃÂ© ÃâÃÂ¥ÃÆÃâ¦ÃÂ§Ãâ Ãâ¦ÃâÃÂÃÆ ÃÂ§ÃâÃÂ´ÃÂ®ÃÂµÃÅ '),
(29,11,'   ÃÂ§ÃâÃâ¦ÃÂ±ÃÂ¬ÃË ÃÂ¥ÃÂ±ÃÂÃÂ§Ãâ ÃÂ¨ÃÂ·ÃÂ§ÃâÃÂ© ÃÂ§ÃâÃâ¡ÃËÃÅ ÃÂ© ÃâÃÂ¥ÃÆÃâ¦ÃÂ§Ãâ Ãâ¦ÃâÃÂÃÆ ÃÂ§ÃâÃÂ´ÃÂ®ÃÂµÃÅ '),
(30,11,'   ÃÂ§ÃâÃâ¦ÃÂ±ÃÂ¬ÃË ÃÂ¥ÃÂ±ÃÂÃÂ§Ãâ ÃÂ¨ÃÂ·ÃÂ§ÃâÃÂ© ÃÂ§ÃâÃâ¡ÃËÃÅ ÃÂ© ÃâÃÂ¥ÃÆÃâ¦ÃÂ§Ãâ Ãâ¦ÃâÃÂÃÆ ÃÂ§ÃâÃÂ´ÃÂ®ÃÂµÃÅ '),
(31,10,'   ÃÂ§ÃâÃâ¦ÃÂ±ÃÂ¬ÃË ÃÂ¥ÃÂ±ÃÂÃÂ§Ãâ ÃÂ¨ÃÂ·ÃÂ§ÃâÃÂ© ÃÂ§ÃâÃâ¡ÃËÃÅ ÃÂ© ÃâÃÂ¥ÃÆÃâ¦ÃÂ§Ãâ Ãâ¦ÃâÃÂÃÆ ÃÂ§ÃâÃÂ´ÃÂ®ÃÂµÃÅ '),
(32,10,'   ÃÂ§ÃâÃâ¦ÃÂ±ÃÂ¬ÃË ÃÂ¥ÃÂ±ÃÂÃÂ§Ãâ ÃÂ¨ÃÂ·ÃÂ§ÃâÃÂ© ÃÂ§ÃâÃâ¡ÃËÃÅ ÃÂ© ÃâÃÂ¥ÃÆÃâ¦ÃÂ§Ãâ Ãâ¦ÃâÃÂÃÆ ÃÂ§ÃâÃÂ´ÃÂ®ÃÂµÃÅ '),
(33,7,'   ÃÂ§ÃâÃâ¦ÃÂ±ÃÂ¬ÃË ÃÂ¥ÃÂ±ÃÂÃÂ§Ãâ ÃÂ¨ÃÂ·ÃÂ§ÃâÃÂ© ÃÂ§ÃâÃâ¡ÃËÃÅ ÃÂ© ÃâÃÂ¥ÃÆÃâ¦ÃÂ§Ãâ Ãâ¦ÃâÃÂÃÆ ÃÂ§ÃâÃÂ´ÃÂ®ÃÂµÃÅ '),
(34,12,'   ÃÂ§ÃâÃâ¦ÃÂ±ÃÂ¬ÃË ÃÂ¥ÃÂ±ÃÂÃÂ§Ãâ ÃÂ¨ÃÂ·ÃÂ§ÃâÃÂ© ÃÂ§ÃâÃâ¡ÃËÃÅ ÃÂ© ÃâÃÂ¥ÃÆÃâ¦ÃÂ§Ãâ Ãâ¦ÃâÃÂÃÆ ÃÂ§ÃâÃÂ´ÃÂ®ÃÂµÃÅ '),
(35,12,'   ÃÂ§ÃâÃâ¦ÃÂ±ÃÂ¬ÃË ÃÂ¥ÃÂ±ÃÂÃÂ§Ãâ ÃÂ¨ÃÂ·ÃÂ§ÃâÃÂ© ÃÂ§ÃâÃâ¡ÃËÃÅ ÃÂ© ÃâÃÂ¥ÃÆÃâ¦ÃÂ§Ãâ Ãâ¦ÃâÃÂÃÆ ÃÂ§ÃâÃÂ´ÃÂ®ÃÂµÃÅ '),
(36,11,'   ÃÂ§ÃâÃâ¦ÃÂ±ÃÂ¬ÃË ÃÂ¥ÃÂ±ÃÂÃÂ§Ãâ ÃÂ¨ÃÂ·ÃÂ§ÃâÃÂ© ÃÂ§ÃâÃâ¡ÃËÃÅ ÃÂ© ÃâÃÂ¥ÃÆÃâ¦ÃÂ§Ãâ Ãâ¦ÃâÃÂÃÆ ÃÂ§ÃâÃÂ´ÃÂ®ÃÂµÃÅ '),
(37,11,'   ÃÂ§ÃâÃâ¦ÃÂ±ÃÂ¬ÃË ÃÂ¥ÃÂ±ÃÂÃÂ§Ãâ ÃÂ¨ÃÂ·ÃÂ§ÃâÃÂ© ÃÂ§ÃâÃâ¡ÃËÃÅ ÃÂ© ÃâÃÂ¥ÃÆÃâ¦ÃÂ§Ãâ Ãâ¦ÃâÃÂÃÆ ÃÂ§ÃâÃÂ´ÃÂ®ÃÂµÃÅ '),
(38,10,'   ÃÂ§ÃâÃâ¦ÃÂ±ÃÂ¬ÃË ÃÂ¥ÃÂ±ÃÂÃÂ§Ãâ ÃÂ¨ÃÂ·ÃÂ§ÃâÃÂ© ÃÂ§ÃâÃâ¡ÃËÃÅ ÃÂ© ÃâÃÂ¥ÃÆÃâ¦ÃÂ§Ãâ Ãâ¦ÃâÃÂÃÆ ÃÂ§ÃâÃÂ´ÃÂ®ÃÂµÃÅ '),
(39,8,'   ÃÂ§ÃâÃâ¦ÃÂ±ÃÂ¬ÃË ÃÂ¥ÃÂ±ÃÂÃÂ§Ãâ ÃÂ¨ÃÂ·ÃÂ§ÃâÃÂ© ÃÂ§ÃâÃâ¡ÃËÃÅ ÃÂ© ÃâÃÂ¥ÃÆÃâ¦ÃÂ§Ãâ Ãâ¦ÃâÃÂÃÆ ÃÂ§ÃâÃÂ´ÃÂ®ÃÂµÃÅ '),
(40,7,'   ÃÂ§ÃâÃâ¦ÃÂ±ÃÂ¬ÃË ÃÂ¥ÃÂ±ÃÂÃÂ§Ãâ ÃÂ¨ÃÂ·ÃÂ§ÃâÃÂ© ÃÂ§ÃâÃâ¡ÃËÃÅ ÃÂ© ÃâÃÂ¥ÃÆÃâ¦ÃÂ§Ãâ Ãâ¦ÃâÃÂÃÆ ÃÂ§ÃâÃÂ´ÃÂ®ÃÂµÃÅ '),
(41,26,'   ÃÂ§ÃâÃâ¦ÃÂ±ÃÂ¬ÃË ÃÂ¥ÃÂ±ÃÂÃÂ§Ãâ ÃÂ¨ÃÂ·ÃÂ§ÃâÃÂ© ÃÂ§ÃâÃâ¡ÃËÃÅ ÃÂ© ÃâÃÂ¥ÃÆÃâ¦ÃÂ§Ãâ Ãâ¦ÃâÃÂÃÆ ÃÂ§ÃâÃÂ´ÃÂ®ÃÂµÃÅ '),
(42,1,'   ÃÂ§ÃâÃâ¦ÃÂ±ÃÂ¬ÃË ÃÂ¥ÃÂ±ÃÂÃÂ§Ãâ ÃÂ¨ÃÂ·ÃÂ§ÃâÃÂ© ÃÂ§ÃâÃâ¡ÃËÃÅ ÃÂ© ÃâÃÂ¥ÃÆÃâ¦ÃÂ§Ãâ Ãâ¦ÃâÃÂÃÆ ÃÂ§ÃâÃÂ´ÃÂ®ÃÂµÃÅ '),
(43,1,'   ÃÂ§ÃâÃâ¦ÃÂ±ÃÂ¬ÃË ÃÂ¥ÃÂ±ÃÂÃÂ§Ãâ ÃÂ¨ÃÂ·ÃÂ§ÃâÃÂ© ÃÂ§ÃâÃâ¡ÃËÃÅ ÃÂ© ÃâÃÂ¥ÃÆÃâ¦ÃÂ§Ãâ Ãâ¦ÃâÃÂÃÆ ÃÂ§ÃâÃÂ´ÃÂ®ÃÂµÃÅ '),
(44,6,'   ÃÂ§ÃâÃâ¦ÃÂ±ÃÂ¬ÃË ÃÂ¥ÃÂ±ÃÂÃÂ§Ãâ ÃÂ¨ÃÂ·ÃÂ§ÃâÃÂ© ÃÂ§ÃâÃâ¡ÃËÃÅ ÃÂ© ÃâÃÂ¥ÃÆÃâ¦ÃÂ§Ãâ Ãâ¦ÃâÃÂÃÆ ÃÂ§ÃâÃÂ´ÃÂ®ÃÂµÃÅ '),
(45,7,'   ÃÂ§ÃâÃâ¦ÃÂ±ÃÂ¬ÃË ÃÂ¥ÃÂ±ÃÂÃÂ§Ãâ ÃÂ¨ÃÂ·ÃÂ§ÃâÃÂ© ÃÂ§ÃâÃâ¡ÃËÃÅ ÃÂ© ÃâÃÂ¥ÃÆÃâ¦ÃÂ§Ãâ Ãâ¦ÃâÃÂÃÆ ÃÂ§ÃâÃÂ´ÃÂ®ÃÂµÃÅ '),
(46,8,'   ÃÂ§ÃâÃâ¦ÃÂ±ÃÂ¬ÃË ÃÂ¥ÃÂ±ÃÂÃÂ§Ãâ ÃÂ¨ÃÂ·ÃÂ§ÃâÃÂ© ÃÂ§ÃâÃâ¡ÃËÃÅ ÃÂ© ÃâÃÂ¥ÃÆÃâ¦ÃÂ§Ãâ Ãâ¦ÃâÃÂÃÆ ÃÂ§ÃâÃÂ´ÃÂ®ÃÂµÃÅ '),
(47,8,'   ÃÂ§ÃâÃâ¦ÃÂ±ÃÂ¬ÃË ÃÂ¥ÃÂ±ÃÂÃÂ§Ãâ ÃÂ¨ÃÂ·ÃÂ§ÃâÃÂ© ÃÂ§ÃâÃâ¡ÃËÃÅ ÃÂ© ÃâÃÂ¥ÃÆÃâ¦ÃÂ§Ãâ Ãâ¦ÃâÃÂÃÆ ÃÂ§ÃâÃÂ´ÃÂ®ÃÂµÃÅ '),
(48,10,'   ÃÂ§ÃâÃâ¦ÃÂ±ÃÂ¬ÃË ÃÂ¥ÃÂ±ÃÂÃÂ§Ãâ ÃÂ¨ÃÂ·ÃÂ§ÃâÃÂ© ÃÂ§ÃâÃâ¡ÃËÃÅ ÃÂ© ÃâÃÂ¥ÃÆÃâ¦ÃÂ§Ãâ Ãâ¦ÃâÃÂÃÆ ÃÂ§ÃâÃÂ´ÃÂ®ÃÂµÃÅ '),
(49,10,'   ÃÂ§ÃâÃâ¦ÃÂ±ÃÂ¬ÃË ÃÂ¥ÃÂ±ÃÂÃÂ§Ãâ ÃÂ¨ÃÂ·ÃÂ§ÃâÃÂ© ÃÂ§ÃâÃâ¡ÃËÃÅ ÃÂ© ÃâÃÂ¥ÃÆÃâ¦ÃÂ§Ãâ Ãâ¦ÃâÃÂÃÆ ÃÂ§ÃâÃÂ´ÃÂ®ÃÂµÃÅ '),
(50,11,'   ÃÂ§ÃâÃâ¦ÃÂ±ÃÂ¬ÃË ÃÂ¥ÃÂ±ÃÂÃÂ§Ãâ ÃÂ¨ÃÂ·ÃÂ§ÃâÃÂ© ÃÂ§ÃâÃâ¡ÃËÃÅ ÃÂ© ÃâÃÂ¥ÃÆÃâ¦ÃÂ§Ãâ Ãâ¦ÃâÃÂÃÆ ÃÂ§ÃâÃÂ´ÃÂ®ÃÂµÃÅ '),
(51,12,'   ÃÂ§ÃâÃâ¦ÃÂ±ÃÂ¬ÃË ÃÂ¥ÃÂ±ÃÂÃÂ§Ãâ ÃÂ¨ÃÂ·ÃÂ§ÃâÃÂ© ÃÂ§ÃâÃâ¡ÃËÃÅ ÃÂ© ÃâÃÂ¥ÃÆÃâ¦ÃÂ§Ãâ Ãâ¦ÃâÃÂÃÆ ÃÂ§ÃâÃÂ´ÃÂ®ÃÂµÃÅ '),
(52,13,'   ÃÂ§ÃâÃâ¦ÃÂ±ÃÂ¬ÃË ÃÂ¥ÃÂ±ÃÂÃÂ§Ãâ ÃÂ¨ÃÂ·ÃÂ§ÃâÃÂ© ÃÂ§ÃâÃâ¡ÃËÃÅ ÃÂ© ÃâÃÂ¥ÃÆÃâ¦ÃÂ§Ãâ Ãâ¦ÃâÃÂÃÆ ÃÂ§ÃâÃÂ´ÃÂ®ÃÂµÃÅ '),
(53,14,'   ÃÂ§ÃâÃâ¦ÃÂ±ÃÂ¬ÃË ÃÂ¥ÃÂ±ÃÂÃÂ§Ãâ ÃÂ¨ÃÂ·ÃÂ§ÃâÃÂ© ÃÂ§ÃâÃâ¡ÃËÃÅ ÃÂ© ÃâÃÂ¥ÃÆÃâ¦ÃÂ§Ãâ Ãâ¦ÃâÃÂÃÆ ÃÂ§ÃâÃÂ´ÃÂ®ÃÂµÃÅ '),
(54,15,'   ÃÂ§ÃâÃâ¦ÃÂ±ÃÂ¬ÃË ÃÂ¥ÃÂ±ÃÂÃÂ§Ãâ ÃÂ¨ÃÂ·ÃÂ§ÃâÃÂ© ÃÂ§ÃâÃâ¡ÃËÃÅ ÃÂ© ÃâÃÂ¥ÃÆÃâ¦ÃÂ§Ãâ Ãâ¦ÃâÃÂÃÆ ÃÂ§ÃâÃÂ´ÃÂ®ÃÂµÃÅ '),
(55,16,'   ÃÂ§ÃâÃâ¦ÃÂ±ÃÂ¬ÃË ÃÂ¥ÃÂ±ÃÂÃÂ§Ãâ ÃÂ¨ÃÂ·ÃÂ§ÃâÃÂ© ÃÂ§ÃâÃâ¡ÃËÃÅ ÃÂ© ÃâÃÂ¥ÃÆÃâ¦ÃÂ§Ãâ Ãâ¦ÃâÃÂÃÆ ÃÂ§ÃâÃÂ´ÃÂ®ÃÂµÃÅ '),
(56,17,'   ÃÂ§ÃâÃâ¦ÃÂ±ÃÂ¬ÃË ÃÂ¥ÃÂ±ÃÂÃÂ§Ãâ ÃÂ¨ÃÂ·ÃÂ§ÃâÃÂ© ÃÂ§ÃâÃâ¡ÃËÃÅ ÃÂ© ÃâÃÂ¥ÃÆÃâ¦ÃÂ§Ãâ Ãâ¦ÃâÃÂÃÆ ÃÂ§ÃâÃÂ´ÃÂ®ÃÂµÃÅ '),
(57,18,'   ÃÂ§ÃâÃâ¦ÃÂ±ÃÂ¬ÃË ÃÂ¥ÃÂ±ÃÂÃÂ§Ãâ ÃÂ¨ÃÂ·ÃÂ§ÃâÃÂ© ÃÂ§ÃâÃâ¡ÃËÃÅ ÃÂ© ÃâÃÂ¥ÃÆÃâ¦ÃÂ§Ãâ Ãâ¦ÃâÃÂÃÆ ÃÂ§ÃâÃÂ´ÃÂ®ÃÂµÃÅ '),
(58,19,'   ÃÂ§ÃâÃâ¦ÃÂ±ÃÂ¬ÃË ÃÂ¥ÃÂ±ÃÂÃÂ§Ãâ ÃÂ¨ÃÂ·ÃÂ§ÃâÃÂ© ÃÂ§ÃâÃâ¡ÃËÃÅ ÃÂ© ÃâÃÂ¥ÃÆÃâ¦ÃÂ§Ãâ Ãâ¦ÃâÃÂÃÆ ÃÂ§ÃâÃÂ´ÃÂ®ÃÂµÃÅ '),
(59,20,'   ÃÂ§ÃâÃâ¦ÃÂ±ÃÂ¬ÃË ÃÂ¥ÃÂ±ÃÂÃÂ§Ãâ ÃÂ¨ÃÂ·ÃÂ§ÃâÃÂ© ÃÂ§ÃâÃâ¡ÃËÃÅ ÃÂ© ÃâÃÂ¥ÃÆÃâ¦ÃÂ§Ãâ Ãâ¦ÃâÃÂÃÆ ÃÂ§ÃâÃÂ´ÃÂ®ÃÂµÃÅ '),
(60,21,'   ÃÂ§ÃâÃâ¦ÃÂ±ÃÂ¬ÃË ÃÂ¥ÃÂ±ÃÂÃÂ§Ãâ ÃÂ¨ÃÂ·ÃÂ§ÃâÃÂ© ÃÂ§ÃâÃâ¡ÃËÃÅ ÃÂ© ÃâÃÂ¥ÃÆÃâ¦ÃÂ§Ãâ Ãâ¦ÃâÃÂÃÆ ÃÂ§ÃâÃÂ´ÃÂ®ÃÂµÃÅ '),
(61,24,'   ÃÂ§ÃâÃâ¦ÃÂ±ÃÂ¬ÃË ÃÂ¥ÃÂ±ÃÂÃÂ§Ãâ ÃÂ¨ÃÂ·ÃÂ§ÃâÃÂ© ÃÂ§ÃâÃâ¡ÃËÃÅ ÃÂ© ÃâÃÂ¥ÃÆÃâ¦ÃÂ§Ãâ Ãâ¦ÃâÃÂÃÆ ÃÂ§ÃâÃÂ´ÃÂ®ÃÂµÃÅ '),
(62,27,'   ÃÂ§ÃâÃâ¦ÃÂ±ÃÂ¬ÃË ÃÂ¥ÃÂ±ÃÂÃÂ§Ãâ ÃÂ¨ÃÂ·ÃÂ§ÃâÃÂ© ÃÂ§ÃâÃâ¡ÃËÃÅ ÃÂ© ÃâÃÂ¥ÃÆÃâ¦ÃÂ§Ãâ Ãâ¦ÃâÃÂÃÆ ÃÂ§ÃâÃÂ´ÃÂ®ÃÂµÃÅ '),
(63,28,'   ÃÂ§ÃâÃâ¦ÃÂ±ÃÂ¬ÃË ÃÂ¥ÃÂ±ÃÂÃÂ§Ãâ ÃÂ¨ÃÂ·ÃÂ§ÃâÃÂ© ÃÂ§ÃâÃâ¡ÃËÃÅ ÃÂ© ÃâÃÂ¥ÃÆÃâ¦ÃÂ§Ãâ Ãâ¦ÃâÃÂÃÆ ÃÂ§ÃâÃÂ´ÃÂ®ÃÂµÃÅ '),
(64,29,'   ÃÂ§ÃâÃâ¦ÃÂ±ÃÂ¬ÃË ÃÂ¥ÃÂ±ÃÂÃÂ§Ãâ ÃÂ¨ÃÂ·ÃÂ§ÃâÃÂ© ÃÂ§ÃâÃâ¡ÃËÃÅ ÃÂ© ÃâÃÂ¥ÃÆÃâ¦ÃÂ§Ãâ Ãâ¦ÃâÃÂÃÆ ÃÂ§ÃâÃÂ´ÃÂ®ÃÂµÃÅ '),
(65,30,'   ÃÂ§ÃâÃâ¦ÃÂ±ÃÂ¬ÃË ÃÂ¥ÃÂ±ÃÂÃÂ§Ãâ ÃÂ¨ÃÂ·ÃÂ§ÃâÃÂ© ÃÂ§ÃâÃâ¡ÃËÃÅ ÃÂ© ÃâÃÂ¥ÃÆÃâ¦ÃÂ§Ãâ Ãâ¦ÃâÃÂÃÆ ÃÂ§ÃâÃÂ´ÃÂ®ÃÂµÃÅ '),
(66,31,'   ÃÂ§ÃâÃâ¦ÃÂ±ÃÂ¬ÃË ÃÂ¥ÃÂ±ÃÂÃÂ§Ãâ ÃÂ¨ÃÂ·ÃÂ§ÃâÃÂ© ÃÂ§ÃâÃâ¡ÃËÃÅ ÃÂ© ÃâÃÂ¥ÃÆÃâ¦ÃÂ§Ãâ Ãâ¦ÃâÃÂÃÆ ÃÂ§ÃâÃÂ´ÃÂ®ÃÂµÃÅ ');

--
-- Table structure for table `edit_info_site`
--

CREATE TABLE `edit_info_site` (
  `info_id` int(11) NOT NULL AUTO_INCREMENT,
  `facebook` text NOT NULL,
  `whatsapp_link` text NOT NULL,
  `whatsapp_number` varchar(255) NOT NULL,
  `youtube` text NOT NULL,
  `twitter` text NOT NULL,
  `instagram` varchar(277) NOT NULL,
  `key_word` text NOT NULL,
  `description` text NOT NULL,
  PRIMARY KEY (`info_id`)
) ENGINE=InnoDB AUTO_INCREMENT=2 DEFAULT CHARSET=utf8mb3 COLLATE=utf8mb3_general_ci;

--
-- Dumping data for table `edit_info_site`
--

INSERT INTO `edit_info_site` VALUES
(1,'https://www.facebook.com/bosniaforgulf/','https://api.whatsapp.com/send?phone=971505555017+&text=%D8%A8%D8%AE%D8%B5%D9%88%D8%B5%20%D9%85%D9%88%D9%82%D8%B9%20:%20%20UAEBEST%20%D8%A7%D9%84%D8%A7%D8%B9%D9%84%D8%A7%D9%86%D8%A7%D8%AA%20%D8%A7%D9%84%D8%B9%D9%82%D8%A7%D8%B1%D9%8A%D8%A9%20%20%D8%A7%D9%84%D8%B3%D9%84%D8%A7%D9%85%20%D8%B9%D9%84%D9%8A%D9%83%D9%85','+971505555017','https://www.youtube.com/user/craterco','https://twitter.com/khaledbinkulai1?s=08','https://instagram.com/bosnia_crater_realstate','Ãâ¦ÃÂ²ÃÂ§ÃÂ¯ÃÅÃâ¦ÃÂ²ÃÂ§ÃÂ¯ÃÂ§ÃÂªÃÅÃÂ¹ÃâÃÂ§ÃÂ±ÃÂ§ÃÂªÃÅÃÂ¹ÃÂ±ÃËÃÂ¶ÃÅÃâÃâÃÂ¨ÃÅ ÃÂ¹ÃÅÃÂ¹ÃâÃâ° ÃÂ§ÃâÃâ Ãâ¡ÃÂ±ÃÅÃÂ£ÃÂ±ÃÂ¶ÃÅÃÂÃâÃâ¡ÃÅÃÂ¨ÃÅ ÃÂªÃÅÃâ¦ÃÂ·ÃâÃÂ©ÃÅÃÂ´ÃâÃÂ©ÃÅÃÂ¨ÃÅ ÃÂª ÃÂ´ÃÂ¹ÃÂ¨ÃÅ ÃÅÃâ¦ÃÂ²ÃÂ±ÃÂ¹Ãâ¡ÃÅÃÂªÃÂ¬ÃÂ§ÃÂ±ÃÅ ÃÂ©ÃÅÃâÃâÃÂ·Ãâ¡ÃÅÃÂ±ÃÂ®ÃÅ ÃÂµÃÂ©ÃÅÃâ¦Ãâ¦ÃÂªÃÂ§ÃÂ²Ãâ¡','ÃÂ§ÃâÃÂ³ÃâÃÂ§Ãâ¦ ÃÂ¹ÃâÃÅ ÃÆÃâ¦ ÃË ÃÂ±ÃÂ­Ãâ¦ÃÂ© ÃÂ§ÃâÃâÃâ¡ ÃË ÃÂ¨ÃÂ±ÃÆÃÂ§ÃÂªÃÂ©\r\nÃâ¡ÃÂ°Ãâ¡ ÃÂ§ÃâÃâ¦ÃËÃâÃÂ¹ ÃÂ®ÃÂ§ÃÂµ ÃâÃÂ¹ÃÂ±ÃÂ¶ Ãâ¦ÃÂ²ÃÂ§ÃÂ¯ÃÂ§ÃÂª ÃÂ¹ÃâÃÂ§ÃÂ±ÃÂ§ÃÂª \r\nÃÅ ÃÂ¬ÃÂ¨ ÃÂ§ÃâÃÂªÃËÃÂ§ÃÂµÃâ Ãâ¦ÃÂ¹ÃÂ§ ÃÂ§ÃâÃÂ§ÃÂ¯ÃÂ§ÃÂ±Ãâ¡ ÃâÃÂ¹ÃÂ±ÃÂ¶ ÃÂ¹ÃâÃÂ§ÃÂ±ÃÆÃâ¦ ÃâÃâÃâ¦ÃÂ²ÃÂ§ÃÅ ÃÂ¯Ãâ¡\r\nÃËÃÂ§ÃÂªÃÂ³ ÃÂ§ÃÂ¨ 00971505555017');

--
-- Table structure for table `explained_me`
--

CREATE TABLE `explained_me` (
  `id` int(11) NOT NULL AUTO_INCREMENT,
  `text` text NOT NULL,
  PRIMARY KEY (`id`)
) ENGINE=InnoDB AUTO_INCREMENT=2 DEFAULT CHARSET=utf8mb3 COLLATE=utf8mb3_general_ci;

--
-- Dumping data for table `explained_me`
--

INSERT INTO `explained_me` VALUES
(1,'<p>ÃÂ´ÃÂ±ÃÂ­ ÃâÃÂ®ÃÂ¯Ãâ¦ÃÂ§ÃÂª ÃÂ§ÃâÃâ¦ÃËÃâÃÂ¹</p>');

--
-- Table structure for table `image_product`
--

CREATE TABLE `image_product` (
  `img_id` int(11) NOT NULL AUTO_INCREMENT,
  `p_id` int(11) NOT NULL,
  `images` text NOT NULL,
  PRIMARY KEY (`img_id`)
) ENGINE=InnoDB AUTO_INCREMENT=308 DEFAULT CHARSET=utf8mb3 COLLATE=utf8mb3_general_ci;

--
-- Dumping data for table `image_product`
--

INSERT INTO `image_product` VALUES
(188,1031,'906289285980890084.jpg'),
(189,1031,'637897918932650212.jpg'),
(190,1031,'24704617913832260.jpg'),
(191,1031,'859606113285513956.jpg'),
(192,1031,'207347560208456772.jpg'),
(193,1031,'591323614120956516.jpg'),
(194,1031,'700929247309083236.jpg'),
(195,1031,'189186261501314660.jpg'),
(196,1031,'956276514568199780.jpg'),
(197,1031,'829746371601440740.jpg'),
(198,1031,'55250840727284140.jpg'),
(199,1031,'780759412330268516.jpg'),
(200,1031,'568721010350145892.jpg'),
(201,1032,'72064968757389108.jpg'),
(202,1032,'386121726595174244.jpg'),
(203,1032,'485478015616924580.jpg'),
(204,1032,'217552856542344164.jpg'),
(205,1032,'571990360971997860.jpg'),
(206,1032,'164036704693120900.jpg'),
(207,1032,'91851511504574676.jpg'),
(208,1032,'694731722586412772.jpg'),
(209,1030,'210357274394650724.jpg'),
(210,1030,'364143124316179044.jpg'),
(211,1030,'247331895400036612.jpg'),
(212,1030,'231617418583667876.jpg'),
(213,1030,'360780613962849572.jpg'),
(214,1030,'220573497936306116.jpg'),
(215,1030,'766569884494560228.jpg'),
(216,1029,'763619221747532388.jpg'),
(217,1029,'446353711188196644.jpg'),
(218,1029,'888812579215283940.jpg'),
(219,1029,'413313656114372516.jpg'),
(220,1029,'257644458208439300.jpg'),
(221,1029,'474728806410364644.jpg'),
(222,1029,'361715029925397412.jpg'),
(223,1029,'774828534573936484.jpg'),
(224,1029,'762497243472053604.jpg'),
(225,1029,'929792473559080292.jpg'),
(226,1029,'127519842237336212.jpg'),
(227,1029,'65321531612478388.jpg'),
(228,1028,'811004385818444772.jpg'),
(229,1028,'49998086877207316.jpg'),
(230,1028,'465213214047625316.jpg'),
(231,1028,'930263360963015908.jpg'),
(232,1028,'993350992911358564.jpg'),
(233,1028,'945447802544396516.jpg'),
(234,1028,'850049986970359652.jpg'),
(235,1028,'988558109384820964.jpg'),
(236,1028,'59442699421244820.jpg'),
(237,1028,'667602730915484516.jpg'),
(238,1028,'911884914618714980.jpg'),
(239,1027,'509956237860431972.jpg'),
(240,1027,'598979407456251364.jpg'),
(241,1027,'115887347143236212.jpg'),
(242,1027,'528567246627485476.jpg'),
(243,1027,'695703821257313380.jpg'),
(244,1027,'538943784777506212.jpg'),
(245,1027,'615533021744833124.jpg'),
(246,1027,'366100196726913124.jpg'),
(247,1027,'4102882463488384.jpg'),
(248,1027,'43622042983805364.jpg'),
(249,1027,'113047292456121364.jpg'),
(250,1027,'132947361562507492.jpg'),
(251,1026,'311768469866614692.jpg'),
(252,1026,'273660713341306084.jpg'),
(253,1026,'325418103020898596.jpg'),
(254,1026,'110711784567772596.jpg'),
(255,1026,'125523735769193540.jpg'),
(256,1026,'600133141968879460.jpg'),
(257,1026,'188205231446923460.jpg'),
(258,1026,'115761411842051460.jpg'),
(259,1026,'775493328460181220.jpg'),
(260,1026,'162048399448524484.jpg'),
(261,1026,'582592898048926564.jpg'),
(262,1024,'980880207382927204.jpg'),
(263,1024,'439551488496714852.jpg'),
(264,1024,'623164339922867044.jpg'),
(265,1024,'993263120763798372.jpg'),
(266,1024,'407660188153712292.jpg'),
(267,1024,'367364275269504292.jpg'),
(268,1024,'740236588288690788.jpg'),
(269,1024,'938780188561236836.jpg'),
(270,1024,'455548074096805732.jpg'),
(271,1024,'974984125700627940.jpg'),
(272,1024,'159761114511766756.jpg'),
(273,1024,'444461393636075620.jpg'),
(274,1022,'412113841157736292.jpg'),
(275,1022,'684393741190981092.jpg'),
(276,1022,'647707130760472676.jpg'),
(277,1022,'522949719336302244.jpg'),
(278,1022,'282175180502461700.jpg'),
(279,1022,'725805508904739684.jpg'),
(280,1022,'348297977820317476.jpg'),
(281,1022,'49837730824987324.jpg'),
(282,1022,'468414952513205284.jpg'),
(283,1022,'942781483755269860.jpg'),
(284,1022,'607519783080110180.jpg'),
(285,1022,'844711640850385252.jpg'),
(286,1022,'383855900727519588.jpg'),
(287,1022,'424088414758783140.jpg'),
(288,1022,'564049088396583268.jpg'),
(289,1018,'90667896438462644.jpg'),
(290,1018,'980449712836036580.jpg'),
(291,1018,'770662549883743716.jpg'),
(292,1018,'954049240332860004.jpg'),
(293,1018,'649302677251918052.jpg'),
(294,1025,'85049747489460884.jpg'),
(295,1025,'494209094904758564.jpg'),
(296,1025,'209121206309813732.jpg'),
(297,1025,'391557063442036900.jpg'),
(298,1025,'374133654870392228.jpg'),
(299,1025,'889609681908752868.jpg'),
(300,1025,'751812393312012644.jpg'),
(301,1025,'628650218248870244.jpg'),
(302,1025,'981676093303452516.jpg'),
(303,1025,'361675594467959140.jpg'),
(304,1025,'927044520620998244.jpg'),
(305,1025,'983487018850487396.jpg'),
(306,1025,'141168199014031652.jpg'),
(307,1025,'278091351501866180.jpg');

--
-- Table structure for table `info_site`
--

CREATE TABLE `info_site` (
  `info_id` int(11) NOT NULL AUTO_INCREMENT,
  `condition_use` text NOT NULL,
  `privacy policy` text NOT NULL,
  `who_us` text NOT NULL,
  `explained` text NOT NULL,
  `why_us` text NOT NULL,
  `video` text NOT NULL,
  PRIMARY KEY (`info_id`)
) ENGINE=InnoDB AUTO_INCREMENT=2 DEFAULT CHARSET=utf8mb3 COLLATE=utf8mb3_general_ci;

--
-- Dumping data for table `info_site`
--

INSERT INTO `info_site` VALUES
(1,'<p>ÃÂ´ÃÂ±ÃËÃÂ· ÃÂ§ÃâÃÂ§ÃÂ³ÃÂªÃÂ®ÃÂ¯ÃÂ§Ãâ¦</p>','','','','','');

--
-- Table structure for table `location_site`
--

CREATE TABLE `location_site` (
  `l_id` int(11) NOT NULL AUTO_INCREMENT,
  `description` text NOT NULL,
  `link_location` text NOT NULL,
  PRIMARY KEY (`l_id`)
) ENGINE=InnoDB AUTO_INCREMENT=2 DEFAULT CHARSET=utf8mb3 COLLATE=utf8mb3_general_ci;

--
-- Dumping data for table `location_site`
--

INSERT INTO `location_site` VALUES
(1,'ÃÂªÃÂ¨ÃÂ­ÃÂ« ÃÂ¹Ãâ  Ãâ¦ÃËÃâÃÂ¹Ãâ ÃÂ§ ÃÂ¨ÃÂ§ÃâÃâÃÂ±ÃÂ¨ Ãâ¦Ãâ ÃÆÃÅ¸ Ãâ¦ÃÂ¹ ÃËÃÂ¬ÃËÃÂ¯ ÃÂ£ÃÆÃÂ«ÃÂ± Ãâ¦Ãâ  200 Ãâ¦ÃËÃâÃÂ¹ ÃÂ­ÃËÃâ ÃÂ§ÃâÃÂ¹ÃÂ§ÃâÃâ¦ ÃÅ ÃÂ³ÃÂªÃÂ¶ÃÂ·ÃÂ± ÃÂ¥ÃâÃâ° ÃÂ§ÃâÃÂ¹ÃÂ«ÃËÃÂ± ÃÂ¹ÃâÃâ° Ãâ¦ÃËÃâÃÂ¹ ÃÅ ÃÂ¨ÃÂ¹ÃÂ¯ Ãâ¦ÃÂ³ÃÂ§ÃÂÃÂ© ÃâÃÂµÃÅ ÃÂ±ÃÂ© ÃÂ¨ÃÂ§ÃâÃÂ³ÃÅ ÃÂ§ÃÂ±ÃÂ©. ÃÅ Ãâ¦ÃÆÃâ ÃÆ ÃÂ§ÃâÃâ ÃâÃÂ± ÃÂ¹ÃâÃâ° ÃÂ£ÃÅ  Ãâ¦Ãâ  Ãâ¦ÃËÃÂ§ÃâÃÂ¹Ãâ ÃÂ§ ÃâÃâ¦ÃÂ´ÃÂ§Ãâ¡ÃÂ¯ÃÂ© ÃÂ¹ÃÂ±ÃËÃÂ¶Ãâ ÃÂ§ ÃÂ§ÃâÃÂ­ÃÂ§ÃâÃÅ ÃÂ© ÃâÃâÃÂ¨ÃÅ ÃÂ¹ ÃËÃâ¦ÃÂ¹ÃâÃËÃâ¦ÃÂ§ÃÂª ÃÂ§ÃâÃÂ§ÃÂªÃÂµÃÂ§Ãâ ÃËÃÂ£ÃËÃâÃÂ§ÃÂª ÃÂ§ÃâÃâ¦ÃÂ²ÃÂ§ÃÂ¯ ÃÂ§ÃâÃâÃÂ§ÃÂ¯Ãâ¦ÃÂ©','ÃÂ§ÃâÃÂ¨ÃËÃÂ³Ãâ ÃÂ© ÃËÃÂ§ÃâÃâ¡ÃÂ±ÃÂ³ÃÆ https://maps.app.goo.gl/d5t3WxxfSoDdK2rDA');

--
-- Table structure for table `mail_site`
--

CREATE TABLE `mail_site` (
  `mail_id` int(11) NOT NULL AUTO_INCREMENT,
  `email` text NOT NULL,
  PRIMARY KEY (`mail_id`)
) ENGINE=InnoDB AUTO_INCREMENT=2 DEFAULT CHARSET=utf8mb3 COLLATE=utf8mb3_general_ci;

--
-- Dumping data for table `mail_site`
--

INSERT INTO `mail_site` VALUES
(1,'info@uaebest.com');

--
-- Table structure for table `news_email`
--

CREATE TABLE `news_email` (
  `em_id` int(11) NOT NULL AUTO_INCREMENT,
  `email` text NOT NULL,
  PRIMARY KEY (`em_id`)
) ENGINE=InnoDB AUTO_INCREMENT=5 DEFAULT CHARSET=utf8mb3 COLLATE=utf8mb3_general_ci;

--
-- Dumping data for table `news_email`
--

INSERT INTO `news_email` VALUES
(1,'nonas@pass.sf'),
(2,'Test@gmail.com'),
(3,'crater54@gmail.com'),
(4,'crater54@gmail.com');

--
-- Table structure for table `offers`
--

CREATE TABLE `offers` (
  `of_id` int(11) NOT NULL AUTO_INCREMENT,
  `title` varchar(255) NOT NULL,
  `description` text NOT NULL,
  `image` text NOT NULL,
  `link` text NOT NULL,
  PRIMARY KEY (`of_id`)
) ENGINE=InnoDB AUTO_INCREMENT=21 DEFAULT CHARSET=utf8mb3 COLLATE=utf8mb3_general_ci;

--
-- Dumping data for table `offers`
--

INSERT INTO `offers` VALUES
(15,'ÃÂ£ÃÂ­ÃÂ¬ÃÂ² ÃÂ¨ÃÂ§ÃÂ±ÃÂ®ÃÂµ ÃÂ§ÃâÃÂ§ÃÂ³ÃÂ¹ÃÂ§ÃÂ± ÃÂªÃÂ°ÃÂ§ÃÆÃÂ± ÃÂ·ÃÅ ÃÂ±ÃÂ§Ãâ  ÃË ÃÂÃâ ÃÂ§ÃÂ¯Ãâ','Get the lowest global prices on airline tickets and hotels\r\nhttps://www.flybosna.com','63400502316704540.jpg','https://youtu.be/6jVRTPaSajw'),
(16,'ÃÂ¹ÃâÃÂ§ÃÂ±ÃÂ§ÃÂª ÃÂ§ÃâÃÂ§Ãâ¦ÃÂ§ÃÂ±ÃÂ§ÃÂª','ÃÂ¹ÃâÃÂ§ÃÂ±ÃÂ§ÃÂª ÃÂ§ÃâÃÂ§Ãâ¦ÃÂ§ÃÂ±ÃÂ§ÃÂª\r\n1) Ãâ¡ÃÂ°Ãâ¡ ÃÂ§ÃâÃÂªÃÂ·ÃÂ¨ÃÅ Ãâ ÃâÃâÃâ¦ÃËÃÂ¨ÃÂ§ÃÅ ÃâÃÂ§ÃÂª ÃÂ£ÃÅ  ÃÂÃËÃâ \r\nhttps://apps.apple.com/us/app/uea-best/id1493174348?ls=1\r\n2) Ãâ¡ÃÂ°Ãâ¡ ÃÂ§ÃâÃÂªÃÂ·ÃÂ¨ÃÅ Ãâ ÃâÃâÃâ¦ÃËÃÂ¨ÃÂ§ÃÅ ÃâÃÂ§ÃÂª ÃÂ§Ãâ ÃÂ¯ÃÂ±ÃÅ ÃË\r\nhttps://play.google.com/store/apps/details?id=com.uae.best\r\n3) Ãâ¦ÃËÃâÃÂ¹ ÃÂ§Ãâ ÃÂªÃÂ±Ãâ ÃÂª\r\nwww.uaebest.com','481842862442521316.jpg','https://youtu.be/XvVC2498U5k'),
(17,'ÃÂ£ÃÂ³ÃÂªÃÂ±ÃÂ§ÃÂ­Ãâ¡ 60 Ãâ¦ÃÂªÃÂ±Ãâ¦ÃÂ±ÃÂ¨ÃÂ¹ ÃÂ¹ÃâÃâ° ÃÂ£ÃÂ±ÃÂ¶ 2ÃÂ¯ÃËÃâ Ãâ¦','ÃÂ¥ÃÂ³ÃÂªÃÂ±ÃÂ§ÃÂ­Ãâ¡ Ãâ¦ÃÂ³ÃÂ§ÃÂ­ÃÂªÃâ¡ÃÂ§ 60 Ãâ¦ÃÂªÃÂ±Ãâ¦ÃÂ±ÃÂ¨ÃÂ¹ ÃÂ¹ÃâÃâ° ÃÂ£ÃÂ±ÃÂ¶ 2 ÃÂ¯ÃËÃâ Ãâ¦ ÃÂÃÅ  Ãâ Ãâ¡ÃÂ§ÃÅ ÃÂ© ÃÂ­ÃÅ  ÃÂ±ÃÂ§ÃÆÃËÃÂÃÅ ÃÂ³ÃÂ§ ÃÂ¨ÃÂ¯ÃÂ§ÃÂ¦ÃÂ© ÃÆÃÂ³ÃâÃÅ ÃÂ§ÃÆ ÃÂªÃÂ¨ÃÂ¹ÃÂ¯ ÃÂ¹Ãâ  ÃÂ§ÃâÃâ¦ÃÂ·ÃÂ§ÃÂ± 19 ÃÆÃâ¦ ÃÂ¹ÃâÃâ° ÃÂ¨ÃÂ¹ÃÂ¯ 50 Ãâ¦ÃÂªÃÂ± Ãâ¦Ãâ  ÃÂ§ÃâÃÂ·ÃÂ±ÃÅ Ãâ ÃÂ§ÃâÃÂ±ÃÂ¦ÃÂ³ÃÅ  ÃÂ¥ÃÂ·ÃâÃÂ§ÃâÃâ¡ ÃÂ¬Ãâ¦ÃÅ ÃâÃÂ© ÃË ÃÂÃÅ Ãâ¡ÃÂ§ ÃÂ¬Ãâ¦ÃÅ ÃÂ¹ ÃÂ§ÃâÃÂ®ÃÂ¯Ãâ¦ÃÂ§ÃÂª ÃË ÃÂ§ÃâÃÂ±ÃÂ®ÃÂµ ÃË ÃÂÃÅ Ãâ¡ÃÂ§ ÃÂ´ÃÂ¬ÃÂ±ÃÂ©ÃÂÃÂ§ÃÆÃâ¡ Ãâ¦ÃÂ«Ãâ¦ÃÂ±Ãâ¡ ÃÂ¨ÃÂ³ÃÂ¹ÃÂ± 50 ÃÂ£ÃâÃÂ Ãâ¦ÃÂ§ÃÂ±ÃÆ ÃÂ­ÃËÃÂ§ÃâÃÅ  26 ÃÂ£ÃâÃÂ ÃÅ ÃËÃÂ±ÃË\r\nÃâÃâÃÂªÃËÃÂ§ÃÂµÃâ ÃËÃÂ§ÃÂªÃÂ³ ÃÂ§ÃÂ¨ ÃÂ ÃÂ ÃÂ©ÃÂ§ÃÂ¡ÃÂ¥ÃÂ ÃÂ¥ÃÂ¥ÃÂ¥ÃÂ¥ÃÂ ÃÂ¡ÃÂ§','361138095613857956.jpg','https://youtu.be/lxvxreMeTgw'),
(20,'ÃÂ§ÃâÃÂ¹Ãâ¦ÃâÃÂ© ÃÂ§ÃâÃÂ±ÃâÃâ¦ÃÅ ÃÂ© ( ÃÂ§ÃâÃÂ¯ÃÅ Ãâ ÃÂ§ÃÂ± ÃÂ§ÃâÃÂ§ÃÂ³ÃâÃÂ§Ãâ¦ÃÅ   / ISD )','New coin / islamic dinar\r\n\r\nSample / ISD\r\n\r\nContract /\r\n0x528db9481dc30366de3bc50c2bd1801e6f4c3f25\r\n\r\nSmart chain / Trust wallet\r\n\r\nCan buy from /\r\n\r\nhttps://pancakeswap.finance/swap\r\n\r\nLinkedin\r\nhttps://www.linkedin.com/in/islamic-dinare-411068228\r\n\r\nFacebook\r\nhttps://www.facebook.com/ISDCOIN\r\n\r\nTwitter\r\nhttps://twitter.com/IslamicDinare\r\n\r\nTelegram\r\nhttps://t.me/lsdcoins\r\n\r\nOutlook\r\nislamicdinar@outlook.com\r\n\r\nGmail\r\nislamicdinarisd@gmail.com\r\n\r\nYahoo\r\nislamicdinarisd@yahoo.com\r\n\r\nInstagram\r\nhttps://www.instagram.com/isdcoin/p/CXRdzAZhuF8/?utm_medium=copy_link','885663942900263524.jpg','https://www.isdcoins.io');

--
-- Table structure for table `password_resset`
--

CREATE TABLE `password_resset` (
  `reset_id` int(11) NOT NULL AUTO_INCREMENT,
  `email` text NOT NULL,
  `codes` int(11) NOT NULL,
  PRIMARY KEY (`reset_id`)
) ENGINE=InnoDB AUTO_INCREMENT=14 DEFAULT CHARSET=utf8mb3 COLLATE=utf8mb3_general_ci;

--
-- Dumping data for table `password_resset`
--

INSERT INTO `password_resset` VALUES
(4,'black@gmail.com',830628),
(5,'black@black.com',4018042),
(6,'blacks@black.com',5619571),
(7,'asfkla@lkjlkj.klj',6074225),
(11,'pblscfck@gmail.com',1847394),
(12,'uaebest545@gmail.com',2343218),
(13,'crater54@gmail.com',5994220);

--
-- Table structure for table `privacy_policy`
--

CREATE TABLE `privacy_policy` (
  `id` int(11) NOT NULL AUTO_INCREMENT,
  `text` text NOT NULL,
  PRIMARY KEY (`id`)
) ENGINE=InnoDB AUTO_INCREMENT=2 DEFAULT CHARSET=utf8mb3 COLLATE=utf8mb3_general_ci;

--
-- Dumping data for table `privacy_policy`
--

INSERT INTO `privacy_policy` VALUES
(1,'<p>ÃÂ³ÃÅ ÃÂ§ÃÂ³ÃÂ© ÃÂ§ÃâÃÂ®ÃÂµÃËÃÂµÃÅ ÃÂ©</p>');

--
-- Table structure for table `product`
--

CREATE TABLE `product` (
  `p_id` int(11) NOT NULL AUTO_INCREMENT,
  `title` varchar(255) NOT NULL,
  `price` double NOT NULL,
  `last_price` double NOT NULL,
  `size` double NOT NULL,
  `section_auct` varchar(255) NOT NULL,
  `place` varchar(255) NOT NULL,
  `city` varchar(255) NOT NULL,
  `detesauct` text NOT NULL,
  `date_second` text NOT NULL,
  `timesauct` text NOT NULL,
  `room_auct` int(11) DEFAULT NULL,
  `description` text NOT NULL,
  `video` text NOT NULL,
  `views` int(11) DEFAULT NULL,
  `click` int(11) DEFAULT NULL,
  `status` int(11) NOT NULL DEFAULT 0,
  `pay` int(11) NOT NULL DEFAULT 0,
  `likes` int(11) DEFAULT NULL,
  `mtdpay` text NOT NULL,
  `u_id` int(11) DEFAULT NULL,
  `googlemp` text DEFAULT NULL,
  PRIMARY KEY (`p_id`)
) ENGINE=InnoDB AUTO_INCREMENT=1033 DEFAULT CHARSET=utf8mb3 COLLATE=utf8mb3_general_ci;

--
-- Dumping data for table `product`
--

INSERT INTO `product` VALUES
(1018,'ÃÂ£ÃÂ±ÃÂ¶ Ãâ¦ÃÂ³ÃÂ§ÃÂ­ÃÂªÃâ¡ÃÂ§ ÃÂ¥ÃÂ¥ÃÂ ÃÂ©Ãâ¦ÃÂªÃÂ±Ãâ¦ÃÂ±ÃÂ¨ÃÂ¹ ÃÂ¥ÃÂ·ÃâÃÂ§ÃâÃÂªÃâ¡ ÃÂ¹ÃâÃâ° Ãâ¦ÃÂ´ÃÂ±ÃËÃÂ¹ ÃÂ¨ÃÂ±ÃËÃÂ¬/ÃÂªÃÂ±Ãâ ÃËÃÂÃË',20000,25000,5500,'ÃÂ£ÃÂ±ÃÂ¶ÃÅ ','ÃÂªÃÂ±Ãâ ÃÂÃË','ÃÂ§ÃâÃÂ¨ÃËÃÂ³Ãâ ÃÂ©','07-05-2022','07-04-2022','1 : 00 AM',10,'<p>Ãâ¦ÃËÃÂ§ÃÂµÃÂÃÂ§ÃÂª ÃÂ§ÃâÃÂ¹ÃâÃÂ§ÃÂ±:<br />ÃÂ£ÃÂ±ÃÂ¶ 5,5 ÃÂ¯Ãâ Ãâ¦ ÃÂ¬Ãâ¦ÃÅ ÃâÃÂ© ÃÂ¬ÃÂ¯ÃÂ§Ãâ¹<br />&nbsp;Ãâ¦ÃÂ³ÃÂªÃËÃÅ ÃÂ© ÃËÃâ¦ÃÂ±ÃÂªÃÂÃÂ¹Ãâ¡ ÃÂÃÅ  ÃÂªÃÂ±Ãâ ÃËÃÂ¤ÃË<br />ÃÂ£ÃÂ±ÃÂ¶ Ãâ¦ÃÂ³ÃÂ§ÃÂ­ÃÂªÃâ¡ÃÂ§ 5509 Ãâ¦ÃÂªÃÂ± Ãâ¦ÃÂ±ÃÂ¨ÃÂ¹&nbsp;<br />ÃÂÃÅ  Ãâ¦Ãâ ÃÂ·ÃâÃÂ© ÃÂªÃÂ±ÃÅ ÃÂ¨ÃÂ§ÃÂªÃÂ´ÃÂ§ÃÅ  ÃÂÃÅ  Ãâ¦ÃÂ¯ÃÅ Ãâ ÃÂ© ÃÂªÃÂ±Ãâ ÃËÃÂ¤ÃË<br />&nbsp;ÃÂªÃÂ¨ÃÂ¹ÃÂ¯ 30 ÃÂ¯ÃâÃÅ ÃâÃÂ© ÃÂ¹Ãâ  Ãâ¦ÃÂ·ÃÂ§ÃÂ± ÃÂ§ÃâÃÂ¹ÃÂ§ÃÂµÃâ¦ÃÂ© 33ÃÆÃâ¦<br />&nbsp;ÃË35ÃÂ¯ÃâÃÅ ÃâÃÂ© ÃÂ¹Ãâ  ÃÂ³Ãâ ÃÂªÃÂ± Ãâ¦ÃÂ¯ÃÅ Ãâ ÃÂ©ÃÂ³ÃÂ±ÃÂ§ÃÅ ÃÅ ÃÂÃË 38ÃÆÃâ¦<br />&nbsp;Ãâ¦Ãâ¦ÃÂªÃÂ¯ÃÂ© ÃÂ¹ÃâÃâ° 150Ãâ¦ÃÂªÃÂ± ÃÂ´ÃÂ§ÃÂ±ÃÂ¹ ÃÂ£ÃÂ³ÃÂÃâÃÂª<br />&nbsp;ÃâÃÂ±ÃÅ ÃÂ¨ÃÂ© Ãâ¦Ãâ  ÃÂ§ÃâÃÂ®ÃÂ¯Ãâ¦ÃÂ§ÃÂª ÃËÃâ¦ÃËÃÂµÃâÃÂ§ÃÂª &nbsp;ÃÂ§ÃâÃÂ¹ÃÂ§Ãâ¦ÃÂ© ÃÂ¬ÃÅ ÃÂ±ÃÂ§Ãâ  Ãâ¦ÃÂ³ÃâÃâ¦ÃÅ Ãâ ÃÅ&nbsp;<br />ÃâÃÂ±ÃÅ ÃÂ¨ÃÂ© Ãâ¦Ãâ  ÃÂ¬ÃÂ§Ãâ¦ÃÂ¹ ÃÂ§ÃâÃâ¦Ãâ ÃÂ·ÃâÃÂ©ÃÅ<br />&nbsp;ÃËÃÂ§ÃÂ·ÃâÃÂ§ÃâÃÂ© ÃÂ¹ÃâÃâ° ÃÂ£ÃÆÃÂ¨ÃÂ± ÃÂ§ÃâÃÂ¬ÃÂ¨ÃÂ§Ãâ ÃÂ§ÃâÃÂ§ÃËÃâÃâ¦ÃÂ¨ÃÅ ÃÂ© ÃÂ¨ÃÅ ÃâÃÂ§ÃÂ´Ãâ ÃÅ ÃÂªÃÂ³ÃÂ§ ÃËÃÂ§ÃÅ ÃÂ¬Ãâ¦ÃÂ§Ãâ  ÃË Ãâ¦ÃÂ·ÃâÃâ¡ ÃÂ¹ÃâÃâ° ÃÂ£ÃÆÃÂ¨ÃÂ± Ãâ¦ÃÂ´ÃÂ±ÃËÃÂ¹ ÃÂ¹ÃÂ±ÃÂ¨ÃÅ  ÃÂ¥Ãâ¦ÃÂ§ÃÂ±ÃÂ§ÃÂªÃÅ  ÃÂ¨ÃÂ§ÃâÃÂ¨ÃËÃÂ³Ãâ ÃÂ© ÃËÃÂ§ÃâÃâ¡ÃÂ±ÃÂ³ÃÆ ÃÂ¨ÃÂ±ÃËÃÂ¬ ÃÂ§ÃËÃÂ²ÃËÃâ .</p>','BNSm4GFSZsc',540,540,0,0,2,'EUR',11,'https://maps.app.goo.gl/7zLN2CTmxD9L6vty5'),
(1022,'ÃÂ£ÃÂ±ÃÂ¶ÃÂ¢ÃÂ¥ÃÂ ÃÂ Ãâ¦ÃÂªÃÂ±Ãâ¦ÃÂ±ÃÂ¨ÃÂ¹ ÃÂ¹ÃâÃÅ Ãâ¡ÃÂ§ ÃÂ£ÃÂ³ÃÂ§ÃÂ³ ÃÂ¨ÃÅ ÃÂª ÃÂ¡ÃÂ ÃÂ Ãâ¦ÃÂªÃÂ±Ãâ¦ÃÂ±ÃÂ¨ÃÂ¹ ÃÂÃÅ  ÃËÃÂ³ÃÂ· Ãâ¦ÃÂ¯ÃÅ Ãâ ÃÂ© ÃÂ¨ÃÂ±ÃÅ ÃÂ²ÃÂ§',20000,35000,2500,'ÃÂ£ÃÂ±ÃÂ¶ÃÅ ','ÃÂ¨ÃÂ±ÃÅ ÃÂ²ÃÂ§','ÃÂ³ÃÂ±ÃÂ§ÃÅ ÃÅ ÃÂÃË/ ÃÂ§ÃâÃÂ¨ÃËÃÂ³Ãâ ÃÂ© ÃË ÃÂ§ÃâÃâ¡ÃÂ±ÃÂ³ÃÆ','22-04-2022','22-03-2022','1 : 00 AM',9,'<p>ÃÂ£ÃÂ±ÃÂ¶ ÃÂÃÅ &nbsp; ÃËÃÂ³ÃÂ· Ãâ¦ÃÂ¯ÃÅ Ãâ ÃÂ© ÃÂ¨ÃÂ±ÃÅ ÃÂ²ÃÂ§<br />ÃÂ£ÃÂ±ÃÂ¶ Ãâ¦ÃÂ³ÃÂ§ÃÂ­ÃÂªÃâ¡ÃÂ§ 2500 Ãâ¦ÃÂªÃÂ± Ãâ¦ÃÂ±ÃÂ¨ÃÂ¹<br />ÃÂ¹ÃâÃÅ Ãâ¡ÃÂ§ ÃÂ±ÃÂ®ÃÂµÃâ¡ ÃÂ¨Ãâ ÃÂ§ÃÂ¡ Ãâ¦ÃÂ·ÃâÃâ¡ ÃÂ¹ÃâÃâ° ÃÂ§ÃâÃâ¦ÃÂ¯ÃÅ Ãâ ÃÂ© ÃË ÃÂ§ÃâÃÂ±ÃÅ ÃÂ<br />ÃÂÃÅ Ãâ¡ÃÂ§ ÃâÃËÃÂ§ÃÂ¹ÃÂ¯ ÃÂ®ÃÂ±ÃÂ³ÃÂ§Ãâ ÃÅ Ãâ¡ ÃâÃÂ«ÃâÃÂ§ÃÂ« ÃÂ£ÃÂ¯ÃËÃÂ§ÃÂ± Ãâ¦ÃÂ³ÃÂ§ÃÂ­ÃÂªÃâ¡ÃÂ§ 100 Ãâ¦ÃÂªÃÂ± Ãâ¦ÃÂ±ÃÂ¨ÃÂ¹</p>','3N3_m68cevk',443,443,0,0,0,'EUR',5,'https://maps.app.goo.gl/p1CnkicmBYBmuMC78'),
(1024,'ÃÂ£ÃÂ±ÃÂ¶ ÃâÃâÃÂ¨ÃÅ ÃÂ¹ ÃÂÃÅ  ÃÂ¨ÃÂ±ÃÅ ÃÂ²ÃÂ§ ÃÂ§ÃâÃÂ¨ÃËÃÂ³Ãâ ÃÂ©',18100,21000,1370,'ÃÂ£ÃÂ±ÃÂ¶ÃÅ ','ÃÂ¨ÃÂ±ÃÅ ÃÂ²ÃÂ§','ÃÂ³ÃÂ±ÃÂ§ÃÅ ÃÅ ÃÂÃË','07-04-2022','07-03-2022','1 : 00 AM',8,'<p>ÃÂ£ÃÂ±ÃÂ¶ ÃÂ³ÃÆÃâ ÃÅ ÃÂ© ÃâÃÂ±ÃÅ ÃÂ¨ÃÂ© Ãâ¦Ãâ  ÃÂ§ÃÅ ÃâÃÅ ÃÂ§ÃÂ´ ÃÂÃÅ  ÃÂ¨ÃÂ±ÃÅ ÃÂ²ÃÂ§.&nbsp;<br />Ãâ¦ÃÂ³ÃÂ§ÃÂ­ÃÂªÃâ¡ÃÂ§ 1370 Ãâ¦ÃÂªÃÂ± Ãâ¦ÃÂ±ÃÂ¨ÃÂ¹.<br />&nbsp;ÃâÃÂ±ÃÅ ÃÂ¨ÃÂ© Ãâ¦Ãâ  ÃÆÃâ ÃÂ§ÃâÃÂ®ÃÂ¯Ãâ¦ÃÂ§ÃÂª.</p><p>ÃËÃÂ§ÃÂµÃâÃâ¡ÃÂ§ ÃÂ¬Ãâ¦ÃÅ ÃÂ¹ ÃÂ§ÃâÃÂ®ÃÂ¯Ãâ¦ÃÂ§ÃÂª</p><p>&nbsp;ÃÂ«ÃâÃÂ§ÃÂ« ÃÂ¯ÃâÃÂ§ÃÂ¦Ãâ ÃÂ³ÃÅ ÃÂ±ÃÂ§ ÃÂ§ÃâÃâ° ÃÂ§ÃâÃâ¦ÃÂ³ÃÂ¬ÃÂ¯ ÃË ÃÂ§ÃâÃâ¦ÃÂªÃÂ¬ÃÂ±.&nbsp;<br />Ãâ¦ÃÂ¯ÃÂ®ÃâÃâ¡ÃÂ§ ÃÂ§ÃÂ³ÃÂÃâÃÂª ÃË ÃÂ§ÃÂ·ÃâÃÂ§ÃâÃâ¡ÃÂ§ ÃÂ¬Ãâ¦ÃÅ ÃâÃÂ©.<br />&nbsp;ÃÆÃâ ÃÂ§ÃâÃÂ§ÃËÃÂ±ÃÂ§Ãâ ÃÂ³ÃâÃÅ Ãâ¦ÃÂ©.</p>','dDEHpi7EcKs',819,819,1,0,1,'EUR',5,'https://maps.app.goo.gl/jNiwy5mGkAb5JEAb9'),
(1025,'ÃÂ£ÃÂ±ÃÂ¶ Ãâ¦ÃÂ³ÃÂ§ÃÂ­ÃÂªÃâ¡ÃÂ§ 3400 Ãâ¦ÃÂªÃÂ±Ãâ¦ÃÂ±ÃÂ¨ÃÂ¹ Ãâ¦ÃÂ³ÃÂªÃËÃÅ Ãâ¡ ÃË ÃÂ¹ÃâÃâ° ÃÂ´ÃÂ§ÃÂ±ÃÂ¹ÃÅ Ãâ  ÃÂÃÅ  ÃÂ§ÃâÃÂ¨ÃËÃÂ³Ãâ ÃÂ©',20000,26000,3400,'ÃÂ£ÃÂ±ÃÂ¶ÃÅ ','ÃÆÃÂ¬ÃÅ ÃÂÃË','ÃÂ§ÃâÃÂ¨ÃËÃÂ³Ãâ ÃÂ©','22-03-2022','22-02-2022','1 : 00 AM',8,'<p>ÃÂ£ÃÂ±ÃÂ¶ Ãâ¦ÃÂ³ÃÂ§ÃÂ­ÃÂªÃâ¡ÃÂ§ ÃÂ­ÃËÃÂ§ÃâÃÅ  3.4 ÃÂ¯ÃËÃâ Ãâ¦<br />ÃÂÃÅ  kijevo ÃÂ§ÃâÃÂªÃÂ§ÃÂ¨ÃÂ¹Ãâ¡ ÃâÃÂªÃÂ±Ãâ ÃÂÃË<br />14 ÃÆÃÅ ÃâÃËÃâ¦ÃÂªÃÂ± ÃÂ¬Ãâ ÃËÃÂ¨ ÃÂ§ÃâÃâ¦ÃÂ·ÃÂ§ÃÂ±<br />400 Ãâ¦ÃÂªÃÂ± Ãâ¦Ãâ  ÃÂ§ÃâÃÂ·ÃÂ±ÃÅ Ãâ ÃÂ§ÃâÃÂ³ÃÂ±ÃÅ ÃÂ¹<br />Ãâ¦Ãâ ÃÂ·ÃâÃÂ© Ãâ¦ÃÂ³ÃâÃâ¦ÃÅ Ãâ  ÃË ÃÂ£ÃÂµÃâÃâ¡ÃÂ§ ÃÂ£ÃÂ³ÃÂÃâÃÂª ÃË ÃÂ¬Ãâ¦ÃÅ ÃÂ¹ ÃÂ§ÃâÃÂ®ÃÂ¯Ãâ¦ÃÂ§ÃÂª<br />ÃÂ¹ÃâÃâ° ÃÂ´ÃÂ§ÃÂ±ÃÂ¹ÃÅ Ãâ  ÃÂ¥ÃÂ³ÃÂÃâÃÂª ÃË ÃÂªÃÂ±ÃÂ§ÃÂ¨ÃÅ <br />ÃÂ¥ÃÂ·ÃâÃÂ§ÃâÃâ¡ ÃÂ¬Ãâ¦ÃÅ ÃâÃâ¡ ÃÂ¹ÃâÃâ° ÃÂ§ÃâÃâÃÂ±Ãâ° ÃË ÃÂ§ÃâÃÂ·ÃÂ¨ÃÅ ÃÂ¹Ãâ¡<br />1.4 ÃÆÃÅ ÃâÃË Ãâ¦Ãâ  ÃÂ§ÃâÃÂ¬ÃÂ§Ãâ¦ÃÂ¹</p>','dl6jxu0F9Ws',330,330,0,0,0,'EUR',0,'https://goo.gl/maps/a5ppVESP3boDgTSZ9'),
(1026,'ÃÂ£ÃÂ±ÃÂ¶ÃÅ Ãâ  ÃÂ¹ÃâÃâ° ÃÂ§ÃâÃâ Ãâ¡ÃÂ± Ãâ¦ÃÂ³ÃÂ§ÃÂ­ÃÂªÃâ¡ ÃÂ§ÃâÃÂ§ÃÂ±ÃÂ¶ÃÅ Ãâ  1 ÃÂ¯ÃËÃâ Ãâ¦ ÃÂÃÅ  ÃÂ§ÃâÃÂ¨ÃËÃÂ³Ãâ ÃÂ©',25000,35000,1080,'ÃÂ£ÃÂ±ÃÂ¶ÃÅ ','ÃÂªÃÂ§ÃÂ±ÃÂªÃÂ´ÃÅ Ãâ ','ÃÂ§ÃâÃÂ¨ÃËÃÂ³Ãâ ÃÂ©','07-03-2022','07-02-2022','1 : 00 AM',7,'<p>ÃÂ£ÃÂ±ÃÂ¶ÃÅ Ãâ  Ãâ¦ÃÂªÃÂ¬ÃÂ§ÃËÃÂ±Ãâ¡ ÃÂ¹ÃâÃâ° ÃÂ§ÃâÃâ Ãâ¡ÃÂ± Ãâ¦ÃÂ¨ÃÂ§ÃÂ´ÃÂ±Ãâ¡<br />Ãâ¦ÃâÃÂ§ÃÂ¨Ãâ ÃÂ§ÃâÃÂ·ÃÂ±ÃÅ Ãâ ÃÂ§ÃâÃÂ³ÃÂ±ÃÅ ÃÂ¹ Ãâ¦ÃÂ¨ÃÂ§ÃÂ´ÃÂ±Ãâ¡ ÃÂÃÅ  Ãâ¦ÃÂ¯ÃÅ Ãâ ÃÂ© ÃÂªÃÂ§ÃÂ±ÃÂ´ÃÅ Ãâ <br />Ãâ¦ÃÂ³ÃÂ§ÃÂ­ÃÂ© ÃÂ§ÃâÃÂ§ÃËÃâÃâ° 437 Ãâ¦ÃÂªÃÂ± Ãâ¦ÃÂ±ÃÂ¨ÃÂ¹ Ãâ¦ÃÂ¹ÃÂ§ ÃÂ¥ÃÂ¶ÃÂ§ÃÂÃÂ© 58 Ãâ¦ÃÂªÃÂ± Ãâ¦ÃÂ±ÃÂ¨ÃÂ¹<br />ÃËÃâ¦ÃÂ³ÃÂ§ÃÂ­ÃÂ© ÃÂ§ÃâÃÂ«ÃÂ§Ãâ ÃÅ Ãâ¡ 474 Ãâ¦ÃÂªÃÂ± Ãâ¦ÃÂ±ÃÂ¨ÃÂ¹ Ãâ¦ÃÂ¹ÃÂ§ ÃÂ¥ÃÂ¶ÃÂ§ÃÂÃâ¡ 111 Ãâ¦ÃÂªÃÂ± Ãâ¦ÃÂ±ÃÂ¨ÃÂ¹<br />ÃÂÃÅ  Ãâ¦ÃÂ¬Ãâ¦ÃÂ¹ ÃÂ£ÃÂ±ÃÂ§ÃÂ¶ÃÅ  ÃÂ®ÃâÃÅ ÃÂ¬ÃÅ Ãâ <br />ÃâÃÂ±ÃÅ ÃÂ¨ÃÂ§ Ãâ¦Ãâ  Ãâ¦ÃÂ´ÃÂ±ÃËÃÂ¹ Ãâ¦Ãâ ÃÂªÃÂ¬ÃÂ¹ ÃÂ§ÃâÃÆÃâ ÃÂ¯ÃÂ±ÃÅ  ÃË ÃÂ§ÃâÃÂ§ÃËÃÂ±ÃÆÃÅ ÃÂ¯<br />ÃÂªÃÂ·Ãâ ÃÂ¹ÃâÃâ° ÃÂ¬ÃÂ¨Ãâ ÃÂ§ÃâÃÂ§ÃÂ¨ÃÅ ÃÂ¶ ÃÂ§ÃâÃÂ°ÃÅ  ÃÅ ÃâÃÂ§Ãâ¦ ÃÂÃÅ Ãâ¡ÃÂ§ ÃÂ§ÃâÃÂ§ÃâÃÂ¹ÃÂ§ÃÂ¨ ÃÂ§ÃâÃÂ§ÃËÃâÃâ¦ÃÂ¨ÃÅ Ãâ¡<br />30 ÃÆÃÅ ÃâÃË Ãâ¦ÃÂªÃÂ± Ãâ¦Ãâ  ÃÂ§ÃâÃâ¦ÃÂ·ÃÂ§ÃÂ±<br />ÃÂ±ÃâÃâ¦ ÃÂ§ÃâÃÂ§ÃÂ±ÃÂ¶ ÃÂ§ÃâÃÂ§ÃËÃâÃâ° 7<br />ÃË ÃÂ±ÃâÃâ¦ ÃÂ§ÃâÃÂ§ÃÂ±ÃÂ¶ ÃÂ§ÃâÃÂ«ÃÂ§Ãâ ÃÅ Ãâ¡ 8</p>','AzcueMex_Qo',311,311,0,0,0,'EUR',0,'https://maps.app.goo.gl/JHtmEMKsqAqkoUjw8'),
(1027,'ÃÂ¨ÃÅ ÃÂª ÃÂµÃÂºÃÅ ÃÂ± ÃÂ¹ÃâÃâ° ÃÂ£ÃÂ±ÃÂ¶ 450 Ãâ¦ÃÂªÃÂ±Ãâ¦ÃÂ±ÃÂ¨ÃÂ¹ ÃÂÃÅ  ÃÂ§ÃâÃÅ ÃÂ¬ÃÂ§ ÃÂ§ÃâÃÂ¨ÃËÃÂ³Ãâ ÃÂ©',30000,40000,450,'ÃÂ¥ÃÂ³ÃÂªÃÂ±ÃÂ­ÃÂ§ÃÂª','ÃÂ§ÃâÃÅ ÃÂ¬ÃÂ§','ÃÂ§ÃâÃÂ¨ÃËÃÂ³Ãâ ÃÂ©','15-05-2022','15-04-2022','1 : 00 AM',6,'<p>ÃÂÃÅ  ÃÂ§ÃâÃÅ ÃÂ¬ÃÂ§ /1.5 ÃÆÃÅ ÃâÃËÃâ¦ÃÂªÃÂ± Ãâ¦Ãâ  ÃÂ¬ÃÂ§Ãâ¦ÃÂ¹ ÃÂ±ÃÆÃÂÃÅ ÃÂªÃÂ³ÃÂ§<br />ÃË ÃÂ¹Ãâ ÃÂ¯ Ãâ¦ÃÂ¯ÃÂ®Ãâ ÃÂ§ÃâÃÂ·ÃÂ±ÃÅ Ãâ 12 ÃÂÃâÃâ¡ ÃâÃâ¦ÃÂ´ÃÂ±ÃËÃÂ¹ ÃÂ®ÃâÃÅ ÃÂ¬ÃÅ <br />ÃË ÃÅ ÃÂ¨ÃÂ¹ÃÂ¯ ÃÂ¹Ãâ  ÃÂ§ÃâÃâ¦ÃÂ·ÃÂ§ÃÂ± 17 ÃÆÃÅ ÃâÃËÃâ¦ÃÂªÃÂ±<br />ÃÂ¨ÃÅ ÃÂª Ãâ¦ÃÂ³ÃÂ§ÃÂ­ÃÂªÃâ¡ 85 Ãâ¦ÃÂªÃÂ± Ãâ¦ÃÂ±ÃÂ¨ÃÂ¹<br />ÃÂ¹ÃâÃâ° ÃÂ£ÃÂ±ÃÂ¶ Ãâ¦ÃÂ³ÃÂ§ÃÂ­ÃÂªÃâ¡ 450 Ãâ¦ÃÂªÃÂ± Ãâ¦ÃÂ±ÃÂ¨ÃÂ¹<br />ÃÂÃÅ Ãâ¡ÃÂ§ ÃÂ§ÃâÃÆÃâ¡ÃÂ±ÃÂ¨ÃÂ§ÃÂ¡ ÃË ÃÂ§ÃâÃâ¦ÃÂ§ÃÂ¡ ÃË ÃÂ§ÃâÃâ¦ÃÂ¬ÃÂ§ÃÂ±ÃÅ  ÃÅ Ãâ¦ÃÆÃâ  ÃÂ§ÃâÃÂ³ÃÆÃâ  ÃÂÃÅ Ãâ¡<br />ÃÂ¥ÃÂ·ÃâÃÂ§ÃâÃÂªÃâ¡Ãâ¦ ÃÂ¹ÃâÃâ° ÃÂ±ÃÆÃÂÃÅ ÃÂªÃÂ³ÃÂ§<br />ÃÂÃÅ  ÃÂ§ÃâÃÂ¯ÃËÃÂ± ÃÂ§ÃâÃÂ§ÃÂ±ÃÂ¶ÃÅ  Ãâ¦ÃÂ¬ÃâÃÂ³ ÃË ÃÂ¨ÃâÃÆÃËÃâ  ÃË ÃÂºÃÂ±ÃÂÃâ¡ ÃË ÃÂ­Ãâ¦ÃÂ§Ãâ¦ ÃË Ãâ¦ÃÂ·ÃÂ¨ÃÂ®<br />ÃÂ§ÃâÃÂ¯ÃËÃÂ± ÃÂ§ÃâÃÂ«ÃÂ§Ãâ ÃÅ  ÃÂºÃÂ±ÃÂÃÂªÃÂ§Ãâ  ÃË Ãâ¦ÃÂ³ÃÂªÃËÃÂ¯ÃÂ¹<br />ÃÂ§ÃâÃÂ¯ÃËÃÂ± ÃÂ§ÃâÃÂ§ÃÂ³ÃÂÃâ ÃÂ¬ÃÂ§ÃÂ±ÃÂ§ÃÂ¬ ÃÆÃÂ¨ÃÅ ÃÂ± ÃÅ Ãâ¦ÃÆÃâ  ÃÂªÃÂ­ÃËÃÅ ÃâÃâ¡ÃÂ§ ÃÂ¥ÃâÃâ° ÃÂºÃÂ±ÃÂÃâ¡ ÃË ÃÂ­Ãâ¦ÃÂ§Ãâ¦ ÃÂÃÅ Ãâ¡ÃÂ§ Ãâ¦ÃÂµÃÂ¯ÃÂ±ÃÅ Ãâ  Ãâ¦ÃÂ§ÃÂ¡ Ãâ¦Ãâ  ÃÂ§ÃâÃÂ¨ÃÂ¦ÃÂ± ÃË ÃÂ§ÃâÃÂ¨ÃâÃÂ¯ÃÅ Ãâ¡<br />ÃÂÃÅ Ãâ¡ÃÂ§ ÃÂ¨ÃÂ¹ÃÂ¶ ÃÂ£ÃÂ´ÃÂ¬ÃÂ§ÃÂ± ÃÂÃÂ§ÃÆÃâ¡ÃÂ©</p>','vI9AzcMIjmo',354,354,0,0,0,'EUR',0,'https://goo.gl/maps/mMK55mMsYpnTBEXM6'),
(1028,'ÃÂ£ÃÂ±ÃÂ¶ÃÅ Ãâ  ÃÂ¹ÃâÃâ° ÃÂ§ÃâÃâ Ãâ¡ÃÂ± ÃÂ§ÃâÃÂ¨ÃËÃÂ³Ãâ ÃÂ© Ãâ¦ÃÂ³ÃÂ§ÃÂ­ÃÂªÃÂ© ÃÆÃâ ÃâÃÂ·ÃÂ¹Ãâ¡ 2.5 ÃÂ¯ÃËÃâ Ãâ¦ ÃÂÃÅ  ÃÂ§ÃâÃÂ¨ÃËÃÂ³Ãâ ÃÂ©',40000,50000,2500,'ÃÂ£ÃÂ±ÃÂ¶ÃÅ ','ÃÂ§ÃâÃÅ ÃÂ§ÃÂ´','ÃÂ§ÃâÃÂ¨ÃËÃÂ³Ãâ ÃÂ©','15-04-2022','01-04-2022','1 : 00 AM',5,'<p>ÃÂ§ÃâÃÂ¨ÃËÃÂ³Ãâ ÃÂ©/ Ãâ¦Ãâ ÃÂ·ÃâÃÂ© ÃÂÃËÃâÃÂªÃÂ´Ãâ°/ÃÂ§ÃâÃÅ ÃÂ§ÃÂ´/ÃÂ³ÃÂ±ÃÂ§ÃÅ ÃÂÃË<br />ÃÂªÃÂ¨ÃÂ¹ÃÂ¯ÃÂ¹Ãâ  ÃÂ§ÃâÃâ¦ÃÂ·ÃÂ§ÃÂ± 22 ÃÆÃÅ ÃâÃËÃâ¦ÃÂªÃÂ±<br />ÃÂ¹ÃâÃâ° ÃÂ§ÃâÃâ Ãâ¡ÃÂ± ÃÂ§ÃâÃÂ¨ÃËÃÂ³Ãâ ÃÂ© Ãâ¦ÃÂ¨ÃÂ§ÃÂ´ÃÂ±Ãâ¡ ÃÂ¨ÃÂ·ÃËÃâ ÃÂªÃâÃÂ±ÃÅ ÃÂ¨ÃÂ§ 45 Ãâ¦ÃÂªÃÂ± ÃâÃÆÃâ ÃÂ£ÃÂ±ÃÂ¶<br />Ãâ¦ÃÂ³ÃÂ§ÃÂ­ÃÂ© ÃÆÃâ ÃÂ£ÃÂ±ÃÂ¶ 2500Ãâ¦ÃÂªÃÂ± Ãâ¦ÃÂ±ÃÂ¨ÃÂ¹<br />ÃÂ¬ÃÂ²ÃÂ¡ Ãâ¦ÃÂ³ÃÂªÃËÃÅ Ãâ¡ Ãâ¦ÃÂ¹ÃÂ§ ÃÂ¥ÃÂ·ÃâÃÂ§ÃâÃâ¡ ÃÂ¬Ãâ¦ÃÅ ÃâÃâ¡<br />Ãâ¦Ãâ ÃÂ·ÃâÃÂ© ÃÂÃÅ Ãâ¡ÃÂ§ ÃÂ®ÃÂ¯Ãâ¦ÃÂ§ÃÂª ÃË Ãâ¦ÃÂµÃÂ±ÃÂ­ ÃâÃâ¡ÃÂ§ ÃÂ¨ÃÂ§ÃâÃÂ¨Ãâ ÃÂ§ÃÂ¡<br />ÃÂªÃÂ¨ÃÂ¹ÃÂ¯ ÃÂ¹Ãâ  ÃÂ§ÃâÃÂ®ÃÂ· ÃÂ§ÃâÃÂ³ÃÂ±ÃÅ ÃÂ¹ 450 Ãâ¦ÃÂªÃÂ± ÃÂÃâÃÂ·<br />ÃâÃâÃÂ¯ ÃÂ«Ãâ¦ ÃÂ¥ÃÂ³ÃÂªÃÂ®ÃÂ±ÃÂ§ÃÂ¬ ÃâÃâ¡ÃÂ§ ÃÂ±ÃÂ®ÃÂµÃÂ© ÃÂ§ÃËÃâÃÅ ÃÂ© ÃÂ¨ÃÂ§ÃâÃÂ¨Ãâ ÃÂ§ÃÂ¡ ÃÂÃâÃÂ© ÃÂ¹ÃâÃâ° ÃÆÃâ ÃÂ£ÃÂ±ÃÂ¶ÃÅ ÃÂ©</p>','jXuJb97becU',352,352,0,0,0,'EUR',0,'https://goo.gl/maps/fE8obaRQ26ripD326'),
(1029,'ÃÂ£ÃÂ±ÃÂ¶ Ãâ¦ÃÂ³ÃÂ§ÃÂ­ÃÂªÃâ¡ÃÂ§ 10 ÃÂ¯ÃËÃâ Ãâ¦ ÃÂªÃÂµÃÂ¨ÃÂ­ ÃâÃâ¦ÃÂ¬Ãâ¦ÃÂ¹ ÃÂ³ÃÅ ÃÂ§ÃÂ­ÃÅ  ÃÂÃÅ  ÃÂ§ÃâÃÂ¨ÃËÃÂ³Ãâ ÃÂ©',35000,45000,10000,'ÃÂ£ÃÂ±ÃÂ¶ÃÅ ','ÃÂ§ÃâÃÅ ÃÂ§ÃÂ´','ÃÂ§ÃâÃÂ¨ÃËÃÂ³Ãâ ÃÂ©','15-04-2022','15-03-2022','1 : 00 AM',4,'<p>ÃÂ£ÃÂ±ÃÂ¶ Ãâ¦ÃÂ³ÃÂ§ÃÂ­ÃÂªÃâ¡ÃÂ§ 10 ÃÂ¯ÃËÃâ Ãâ¦<br />Ãâ¦ÃÂ·ÃâÃâ¡ ÃÂ¹ÃâÃâ° Ãâ Ãâ¡ÃÂ± ÃÂ§ÃâÃÂ¨ÃËÃÂ³Ãâ ÃÂ© ÃË Ãâ¦ÃÂ±ÃÆÃÂ² Ãâ¦ÃÂ¯ÃÅ Ãâ ÃÂ© ÃÂ§ÃâÃÅ ÃÂ§ÃÂ´<br />ÃÂªÃâÃÂ¹ ÃÂÃÅ  Ãâ Ãâ¡ÃÂ§ÃÂ¦ÃÂ© Ãâ¦ÃÂ¯ÃÅ Ãâ ÃÂ© ÃÂÃËÃÆÃÂ´ÃÆÃÂ§ ÃÂªÃÂ¬ÃÂ§ÃÂ© ÃÂ§ÃâÃÅ ÃÂ§ÃÂ´<br />ÃËÃÂ§ÃÂµÃâÃâ¡ÃÂ§ ÃÂ§ÃâÃÂ·ÃÂ±ÃÅ Ãâ ÃË ÃÂ§ÃâÃÂ®ÃÂ¯Ãâ¦ÃÂ§ÃÂª<br />ÃÂ®ÃâÃÂÃâ¡ÃÂ§ Ãâ¦ÃÂ´ÃÂ±ÃËÃÂ¹ ÃÂ®ÃâÃÅ ÃÂ¬ÃÅ  Ãâ¦ÃÂ¬Ãâ¦ÃÂ¹ ÃÂ£ÃÂ±ÃÂ¶ÃÅ <br />ÃÂªÃÂ¨ÃÂ¹ÃÂ¯ ÃÂ¹Ãâ  ÃÂ§ÃâÃâ¦ÃÂ·ÃÂ§ÃÂ± 16 ÃÆÃÅ ÃâÃËÃâ¦ÃÂªÃÂ±<br />ÃÂ¬ÃÅ ÃÂ±ÃÂ§Ãâ  ÃÂ¨ÃËÃÂ³Ãâ ÃÅ ÃÅ Ãâ  Ãâ¦ÃÂ³ÃâÃâ¦ÃÅ Ãâ  ÃË ÃÂ®ÃâÃÅ ÃÂ¬ÃÅ ÃÅ Ãâ <br />ÃÂªÃÂµÃâÃÂ­ ÃâÃâÃÂªÃâÃÂ³ÃÅ Ãâ¦ ÃË ÃÂ§ÃâÃÂ¨Ãâ ÃÂ§ÃÂ¡</p>','YxV_Montxww',403,403,0,0,1,'EUR',0,'https://goo.gl/maps/Zzce8AT56fGokrzq7'),
(1030,'ÃÂ£ÃÂ³ÃÂªÃÂ±ÃÂ§ÃÂ­Ãâ¡ 60 Ãâ¦ÃÂªÃÂ±Ãâ¦ÃÂ±ÃÂ¨ÃÂ¹ ÃÂ¹ÃâÃâ° ÃÂ£ÃÂ±ÃÂ¶ 2ÃÂ¯ÃËÃâ Ãâ¦',20000,26000,2000,'ÃÂ¥ÃÂ³ÃÂªÃÂ±ÃÂ­ÃÂ§ÃÂª','ÃÆÃÂ³ÃâÃÅ ÃÂ§ÃÆ','ÃÂ§ÃâÃÂ¨ÃËÃÂ³Ãâ ÃÂ©','01-04-2022','01-03-2022','1 : 00 AM',3,'<p>ÃÂ¥ÃÂ³ÃÂªÃÂ±ÃÂ§ÃÂ­Ãâ¡ Ãâ¦ÃÂ³ÃÂ§ÃÂ­ÃÂªÃâ¡ÃÂ§ 60 Ãâ¦ÃÂªÃÂ±Ãâ¦ÃÂ±ÃÂ¨ÃÂ¹ ÃÂ¹ÃâÃâ° ÃÂ£ÃÂ±ÃÂ¶ 2 ÃÂ¯ÃËÃâ Ãâ¦ ÃÂÃÅ  Ãâ Ãâ¡ÃÂ§ÃÅ ÃÂ© ÃÂ­ÃÅ  ÃÂ±ÃÂ§ÃÆÃËÃÂÃÅ ÃÂ³ÃÂ§ ÃÂ¨ÃÂ¯ÃÂ§ÃÂ¦ÃÂ© ÃÆÃÂ³ÃâÃÅ ÃÂ§ÃÆ ÃÂªÃÂ¨ÃÂ¹ÃÂ¯ ÃÂ¹Ãâ  ÃÂ§ÃâÃâ¦ÃÂ·ÃÂ§ÃÂ± 19 ÃÆÃâ¦ ÃÂ¹ÃâÃâ° ÃÂ¨ÃÂ¹ÃÂ¯ 50 Ãâ¦ÃÂªÃÂ± Ãâ¦Ãâ  ÃÂ§ÃâÃÂ·ÃÂ±ÃÅ Ãâ ÃÂ§ÃâÃÂ±ÃÂ¦ÃÂ³ÃÅ  ÃÂ¥ÃÂ·ÃâÃÂ§ÃâÃâ¡ ÃÂ¬Ãâ¦ÃÅ ÃâÃÂ© ÃË ÃÂÃÅ Ãâ¡ÃÂ§ ÃÂ¬Ãâ¦ÃÅ ÃÂ¹ ÃÂ§ÃâÃÂ®ÃÂ¯Ãâ¦ÃÂ§ÃÂª ÃË ÃÂ§ÃâÃÂ±ÃÂ®ÃÂµ ÃË ÃÂÃÅ Ãâ¡ÃÂ§ ÃÂ´ÃÂ¬ÃÂ±ÃÂ©ÃÂÃÂ§ÃÆÃâ¡ Ãâ¦ÃÂ«Ãâ¦ÃÂ±Ãâ¡</p>','lxvxreMeTgw',380,380,0,0,0,'EUR',0,'https://goo.gl/maps/9VeJmrWynJsR7WuC6'),
(1031,'ÃÂ£ÃÂ±ÃÂ¶ Ãâ¦ÃÂ³ÃÂ§ÃÂ­ÃÂªÃâ¡ÃÂ§ 5.5 ÃÂ¯ÃËÃâ Ãâ¦ ÃÂ¥ÃÂ·ÃâÃÂ§ÃâÃâ¡ ÃÂ¬Ãâ¦ÃÅ ÃâÃâ¡ ÃÂªÃÂµÃâÃÂ­ ÃâÃâÃÂªÃâÃÂ³ÃÅ Ãâ¦',77000,85000,5577,'ÃÂ£ÃÂ±ÃÂ¶ÃÅ ','ÃÂªÃÂ§ÃÂ±ÃÂªÃÂ´ÃÅ Ãâ ','ÃÂ§ÃâÃÂ¨ÃËÃÂ³Ãâ ÃÂ©','15-03-2022','15-02-2022','1 : 00 AM',2,'<p>ÃÂ§ÃÂ±ÃÂ¶ ÃÂ³ÃÆÃâ ÃÅ Ãâ¡ Ãâ¦ÃÂ³ÃÂ§ÃÂ­ÃÂªÃâ¡ÃÂ§ ÃÂ¥ÃÂ¥ÃÂ§ÃÂ§ Ãâ¦ÃÂªÃÂ± Ãâ¦ÃÂ±ÃÂ¨ÃÂ¹ ÃÂÃÅ  Ãâ¦Ãâ ÃÂ·ÃâÃâ¡ ÃâÃËÃÆÃÂ§ ÃÂÃÅ  Ãâ¦ÃÂ¯ÃÂ®Ãâ Ãâ¦Ãâ ÃÂ·ÃâÃâ¡ ÃÂªÃÂ§ÃÂ±ÃÂªÃÂ´ÃÅ Ãâ ÃÅ ÃÂ¢ÃÂ  ÃÂ¯ÃâÃÅ ÃâÃâ¡ ÃÂºÃÂ±ÃÂ¨ Ãâ¦ÃÂ·ÃÂ§ÃÂ± ÃÂ³ÃÂ±ÃÂ§ÃÅ ÃÅ ÃÂÃËÃÅ ÃÂ§ÃâÃÂ§ÃÂ±ÃÂ¶ ÃÂ´ÃÂ¨Ãâ¡ Ãâ¦ÃÂ³ÃÂªÃËÃÅ Ãâ¡ ÃË Ãâ¦ÃÂ·ÃâÃâ¡ ÃÂ¹ÃâÃâ° ÃÂ§ÃâÃÂ¬ÃÂ¨Ãâ ÃÂ§ÃâÃÂ§ÃËÃâÃÅ Ãâ¦ÃÂ¨ÃÅ  ÃË Ãâ¦ÃÂ´ÃÂ§ÃÂ±ÃÅ ÃÂ¹ ÃÂ®ÃâÃÅ ÃÂ¬ÃÅ Ãâ¡ ÃË ÃÂ¬ÃÅ ÃÂ±ÃÂ§Ãâ Ãâ¡ÃÂ§ Ãâ¦ÃÂ³ÃâÃâ¦ÃÅ Ãâ  ÃË ÃÂ¨ÃÂ¬ÃËÃÂ§ÃÂ± ÃÂ§ÃâÃâ¦ÃÂ³ÃÂ¬ÃÂ¯ ÃË Ãâ ÃÂ§ÃÂ¯ÃÅ  ÃÂ§ÃâÃÂÃÂ±ÃËÃÂ³ÃÅ Ãâ¡ÃÅ ÃÂ¨Ãâ¡ÃÂ§ ÃÂ§ÃÂ³ÃÂÃâÃÂª ÃË ÃÆÃâ ÃÂ§ÃâÃÂ®ÃÂ¯Ãâ¦ÃÂ§ÃÂªÃÅ ÃË ÃÂªÃÂ¨ÃÂ¹ÃÂ¯ ÃÂ£ ÃÆÃâ¦ Ãâ¦Ãâ  ÃÂ³Ãâ ÃÂªÃÂ± ÃÂªÃÂ§ÃÂ±ÃÂªÃÂ´ÃÅ Ãâ . ÃÂ¨ÃÂ§ÃâÃÂ§Ãâ¦ÃÆÃÂ§Ãâ  ÃÂªÃâÃÂ³ÃÅ Ãâ¦Ãâ¡ÃÂ§ ÃË ÃÂ§ÃâÃÂ¨Ãâ ÃÂ§ÃÂ¡ ÃÂ¹ÃâÃÅ Ãâ¡ÃÂ§</p>','lpsiGru6G7M',530,530,0,0,0,'EUR',33,'https://maps.app.goo.gl/Kkjs4PZ2haB6rn5z7'),
(1032,'ÃÂ£ÃÂ±ÃÂ¶ Ãâ¦ÃÂ³ÃÂ§ÃÂ­ÃÂªÃâ¡ÃÂ§3300Ãâ¦ÃÂªÃÂ±Ãâ¦ÃÂ±ÃÂ¨ÃÂ¹ ÃÂ¹ÃâÃÅ Ãâ¡ÃÂ§ ÃÂ¨ÃÅ ÃÂª Ãâ¦ÃÂ³ÃÂ§ÃÂ­ÃÂªÃâ¡ÃÂ¢ÃÂ ÃÂ Ãâ¦ÃÂªÃÂ±Ãâ¦ÃÂ±ÃÂ¨ÃÂ¹ ÃË Ãâ¦ÃâÃÂ­Ãâ ÃËÃâ¦ÃÂ²ÃÂ±ÃÂ¹ÃÂ© ÃÂÃËÃÂ§ÃÆÃÂ©/ÃÆÃÂ§ÃÆÃâ ',55300,60000,3300,'ÃÂÃâÃâ','ÃÆÃÂ§ÃÆÃâ ','ÃÂ§ÃâÃÂ¨ÃËÃÂ³Ãâ ÃÂ©','01-03-2022','01-02-2022','1 : 00 AM',1,'<p>ÃÂ£ÃÂ±ÃÂ¶ Ãâ¦ÃÂ³ÃÂ§ÃÂ­ÃÂªÃâ¡ÃÂ§ÃÂ£ÃÂ£ÃÂ ÃÂ Ãâ¦ÃÂªÃÂ±Ãâ¦ÃÂ±ÃÂ¨ÃÂ¹<br />ÃÂ¹ÃâÃÅ Ãâ¡ÃÂ§ ÃÂ¨ÃÅ ÃÂª Ãâ¦ÃÂ³ÃÂ§ÃÂ­ÃÂªÃâ¡ÃÂ¢ÃÂ ÃÂ Ãâ¦ÃÂªÃÂ±Ãâ¦ÃÂ±ÃÂ¨ÃÂ¹<br />ÃË Ãâ¦ÃâÃÂ­Ãâ (ÃÂ¬ÃÂ§ÃÂ±ÃÂ§ÃÂ¬ /ÃÂ¯ÃËÃÂ§ÃÂ¬Ãâ /Ãâ¦ÃÂ§ÃÂ´ÃÅ ÃÂ©/Ãâ¦ÃÂ³ÃÂªÃËÃÂ¯ÃÂ¹)<br />ÃË ÃÂ§ÃâÃÂ§ÃÂ±ÃÂ¶ ÃÂÃÅ Ãâ¡ÃÂ§Ãâ¦ÃÂ²ÃÂ±ÃÂ¹ÃÂ© ÃÂÃËÃÂ§ÃÆÃÂ© ÃÂ­ÃËÃÂ§ÃâÃÅ  ÃÂ¥ÃÂ  ÃÂ´ÃÂ¬ÃÂ±Ãâ¡<br />ÃÅ Ãâ¦ÃÂ± ÃÂ¹ÃâÃâ° ÃÂ­ÃÂ¯Ãâ¡ÃÂ§ Ãâ¦Ãâ¦ÃÂ± Ãâ¦ÃÂ§ÃÂ¦ÃÅ  ÃÂµÃÂºÃÅ ÃÂ±<br />ÃÂÃÅ  Ãâ¦Ãâ ÃÂ·ÃâÃÂ© ÃÂ±ÃÅ ÃÂÃÅ Ãâ¡ ÃÂÃÅ  Ãâ¦ÃÂ¯ÃÅ Ãâ ÃÂ© ÃÆÃÂ§ÃÆÃâ <br />ÃÂªÃÂ¨ÃÂ¹ÃÂ¯ ÃÂ¹Ãâ  Ãâ¦ÃÂ·ÃÂ§ÃÂ± ÃÂ³ÃÂ±ÃÂ§ÃÅ ÃÅ ÃÂÃË ÃÂ­ÃËÃÂ§ÃâÃÅ  ÃÂ¤ÃÂ¥ ÃÆÃÅ ÃâÃËÃâ¦ÃÂªÃÂ±<br />ÃÂ§ÃâÃÂ¨ÃÅ ÃÂª ÃÅ ÃÂ­ÃÂªÃÂ§ÃÂ¬ ÃÂµÃÅ ÃÂ§Ãâ ÃÂ© ÃÂ¨ÃÂ³ÃÅ ÃÂ·Ãâ¡</p>','ULcQT3TPmac',611,611,0,0,1,'EUR',5,'https://goo.gl/maps/sGQ3Vk5kRb8biFa78');

--
-- Table structure for table `product_user`
--

CREATE TABLE `product_user` (
  `pr_id` int(11) NOT NULL AUTO_INCREMENT,
  `p_id` int(11) NOT NULL DEFAULT 0,
  `u_id` int(11) NOT NULL DEFAULT 0,
  `price` double NOT NULL,
  `mtdpay` text NOT NULL,
  PRIMARY KEY (`pr_id`)
) ENGINE=InnoDB AUTO_INCREMENT=20 DEFAULT CHARSET=utf8mb3 COLLATE=utf8mb3_general_ci;

--
-- Dumping data for table `product_user`
--

INSERT INTO `product_user` VALUES
(1,0,114,10287,''),
(2,0,114,500,''),
(3,0,114,1000,''),
(4,0,113,500,''),
(5,0,114,1500,''),
(6,0,113,1000,''),
(7,0,113,1500,''),
(8,0,114,2000,''),
(9,0,113,2000,''),
(10,0,113,2,''),
(11,0,113,1500,''),
(12,0,113,1500,''),
(13,0,113,582721,''),
(14,0,113,2000,''),
(15,0,114,9000,''),
(16,0,114,7500,''),
(17,0,1,30009,''),
(18,0,1,30009,'USD'),
(19,0,1,98000,'USD');

--
-- Table structure for table `romes_auction`
--

CREATE TABLE `romes_auction` (
  `rom_id` int(11) NOT NULL AUTO_INCREMENT,
  `price` double NOT NULL,
  `number_rom` int(11) NOT NULL DEFAULT 0,
  `complet` int(11) NOT NULL DEFAULT 0,
  `status` int(11) NOT NULL DEFAULT 0,
  `day` int(11) NOT NULL,
  `month` int(11) NOT NULL,
  `year` int(11) NOT NULL,
  `datestart` text NOT NULL,
  `members` int(11) NOT NULL DEFAULT 0,
  `mtdpay` text NOT NULL,
  PRIMARY KEY (`rom_id`)
) ENGINE=InnoDB AUTO_INCREMENT=62 DEFAULT CHARSET=utf8mb3 COLLATE=utf8mb3_general_ci;

--
-- Dumping data for table `romes_auction`
--

INSERT INTO `romes_auction` VALUES
(52,0,1,0,0,1,2,2022,'01-02-2022',0,'EUR'),
(53,0,2,0,0,15,2,2022,'15-02-2022',0,'EUR'),
(54,0,3,0,1,1,3,2022,'01-03-2022',0,'EUR'),
(55,0,4,0,0,15,3,2022,'15-03-2022',0,'EUR'),
(56,0,5,0,0,1,4,2022,'01-04-2022',0,'EUR'),
(57,0,6,0,0,15,4,2022,'15-04-2022',0,'EUR'),
(58,0,7,0,0,7,2,2022,'07-02-2022',0,'EUR'),
(59,0,8,0,1,22,2,2022,'22-02-2022',0,'EUR'),
(60,0,9,0,0,7,3,2022,'07-03-2022',0,'EUR'),
(61,0,10,0,0,22,3,2022,'22-03-2022',0,'EUR');

--
-- Table structure for table `section_social`
--

CREATE TABLE `section_social` (
  `to_id` int(11) NOT NULL AUTO_INCREMENT,
  `facebook` text NOT NULL,
  `instagram` text NOT NULL,
  `twitter` text NOT NULL,
  PRIMARY KEY (`to_id`)
) ENGINE=InnoDB AUTO_INCREMENT=2 DEFAULT CHARSET=utf8mb3 COLLATE=utf8mb3_general_ci;

--
-- Dumping data for table `section_social`
--

INSERT INTO `section_social` VALUES
(1,'bosniaforgulf/','CUZb5QVsg9I','khaledbinkulai1?s=08');

--
-- Table structure for table `top_section`
--

CREATE TABLE `top_section` (
  `to_id` int(11) NOT NULL AUTO_INCREMENT,
  `title` varchar(255) NOT NULL,
  `description` varchar(255) NOT NULL,
  PRIMARY KEY (`to_id`)
) ENGINE=InnoDB AUTO_INCREMENT=2 DEFAULT CHARSET=utf8mb3 COLLATE=utf8mb3_general_ci;

--
-- Dumping data for table `top_section`
--

INSERT INTO `top_section` VALUES
(1,'100ÃÂª Ãâ¦ÃÂ²ÃÂ§ÃÂ¯ÃÂ§ÃÂª ÃÂ§ÃâÃÂ¹ÃâÃÂ§ÃÂ±ÃÂ§ÃÂª ÃÂ¹ÃâÃâ° ÃÂ§ÃâÃÂ¥Ãâ ÃÂªÃÂ±Ãâ ÃÂª. ÃÂ§ÃâÃÆÃÂ«ÃÅ ÃÂ± Ãâ¦Ãâ  ÃÂ§ÃâÃÂ¹ÃâÃÂ§ÃÂ±ÃÂ§ÃÂª ÃâÃâÃÂ¨ÃÅ ÃÂ¹ ÃÆÃâ ÃÅ ÃËÃâ¦.','ÃâÃâ¦ ÃÂ¨ÃÂ§ÃâÃÂªÃÂ³ÃÂ¬ÃÅ Ãâ ÃÂÃÅ  ÃÂ¹ÃÂ¶ÃËÃÅ ÃÂ© UAEBEST ÃÂ§ÃâÃâ¦ÃÂ¬ÃÂ§Ãâ ÃÅ ÃÂ© ÃËÃÂ§ÃÂ¨ÃÂ¯ÃÂ£ ÃÂ§ÃâÃâ¦ÃÂ²ÃÂ§ÃÅ ÃÂ¯ÃÂ© ÃËÃÂ§ÃâÃÂÃËÃÂ² ÃÂ¨ÃÂ§ÃâÃâ¦ÃÂ²ÃÂ§ÃÂ¯ÃÂ§ÃÂª');

--
-- Table structure for table `videos`
--

CREATE TABLE `videos` (
  `id` int(11) NOT NULL AUTO_INCREMENT,
  `text` text NOT NULL,
  PRIMARY KEY (`id`)
) ENGINE=InnoDB AUTO_INCREMENT=3 DEFAULT CHARSET=utf8mb3 COLLATE=utf8mb3_general_ci;

--
-- Dumping data for table `videos`
--

INSERT INTO `videos` VALUES
(2,'https://www.youtube.com/watch?v=ABGbMhfP3DI&feature=youtu.be');

--
-- Table structure for table `who_us`
--

CREATE TABLE `who_us` (
  `id` int(11) NOT NULL AUTO_INCREMENT,
  `text` text NOT NULL,
  PRIMARY KEY (`id`)
) ENGINE=InnoDB AUTO_INCREMENT=3 DEFAULT CHARSET=utf8mb3 COLLATE=utf8mb3_general_ci;

--
-- Dumping data for table `who_us`
--

INSERT INTO `who_us` VALUES
(2,'<p>&nbsp; &nbsp; &nbsp;ÃÂ§ÃâÃÂ³ÃâÃÂ§Ãâ¦ ÃÂ¹ÃâÃÅ ÃÆÃâ¦ ÃË ÃÂ±ÃÂ­Ãâ¦ÃÂ© ÃÂ§ÃâÃâÃâ¡ ÃË ÃÂ¨ÃÂ±ÃÆÃÂ§ÃÂªÃÂ©<br />Ãâ¡ÃÂ°Ãâ¡ ÃÂ§ÃâÃâ¦ÃËÃâÃÂ¹ ÃÂ®ÃÂ§ÃÂµ ÃâÃÂ¹ÃÂ±ÃÂ¶ Ãâ¦ÃÂ²ÃÂ§ÃÂ¯ÃÂ§ÃÂª ÃÂ¹ÃâÃÂ§ÃÂ±ÃÂ§ÃÂª&nbsp;<br />ÃÅ ÃÂ¬ÃÂ¨ ÃÂ§ÃâÃÂªÃËÃÂ§ÃÂµÃâ Ãâ¦ÃÂ¹ÃÂ§ ÃÂ§ÃâÃÂ§ÃÂ¯ÃÂ§ÃÂ±Ãâ¡ ÃâÃÂ¹ÃÂ±ÃÂ¶ ÃÂ¹ÃâÃÂ§ÃÂ±ÃÆÃâ¦ ÃâÃâÃâ¦ÃÂ²ÃÂ§ÃÅ ÃÂ¯Ãâ¡<br />ÃËÃÂ§ÃÂªÃÂ³ ÃÂ§ÃÂ¨ 00971505555017&nbsp;</p>');

--
-- Table structure for table `why_us`
--

CREATE TABLE `why_us` (
  `id` int(11) NOT NULL AUTO_INCREMENT,
  `text` text NOT NULL,
  PRIMARY KEY (`id`)
) ENGINE=InnoDB AUTO_INCREMENT=2 DEFAULT CHARSET=utf8mb3 COLLATE=utf8mb3_general_ci;

--
-- Dumping data for table `why_us`
--

INSERT INTO `why_us` VALUES
(1,'<p>ÃÆÃÂ±ÃÅ ÃÂªÃÂ± Ãâ¡ÃÅ  ÃÂ´ÃÂ±ÃÆÃÂ© ÃÂ¹ÃÂ§ÃâÃâ¦ÃÅ ÃÂ© ÃÂ±ÃÂ§ÃÂ¦ÃÂ¯ÃÂ© ÃÂÃÅ  Ãâ¦ÃÂ²ÃÂ§ÃÂ¯ÃÂ§ÃÂª ÃÂ§ÃâÃÂ¹ÃâÃÂ§ÃÂ±ÃÂ§ÃÂª ÃÂ¹ÃÂ¨ÃÂ± ÃÂ§ÃâÃÂ¥Ãâ ÃÂªÃÂ±Ãâ ÃÂª ÃÅ ÃËÃËÃÂ¬Ãâ¡ÃÂ© ÃÂ±ÃÂ¦ÃÅ ÃÂ³ÃÅ ÃÂ© ÃâÃÂ¥ÃÂ¹ÃÂ§ÃÂ¯ÃÂ© ÃÂ¨ÃÅ ÃÂ¹ ÃË ÃÂ§ÃâÃâ¦ÃÂ²ÃÂ§ÃÅ ÃÂ¯Ãâ¡ ÃÂ¹ÃÂ¨ÃÂ±Ãâ¡ÃÂ§ ÃâÃâÃÂ­ÃÂµÃËÃâ ÃÂ¹ÃâÃâ° ÃÂ§ÃÂÃÂ¶Ãâ ÃÂ§ÃâÃÂ§ÃÂ³ÃÂ¹ÃÂ§ÃÂ± ÃâÃâÃÂ·ÃÂ±ÃÂÃÅ Ãâ . Ãâ¦ÃÂªÃÂ®ÃÂµÃÂµ ÃÂÃÅ  Ãâ¦ÃÂ²ÃÂ§ÃÂ¯ÃÂ§ÃÂª ÃÂ§ÃâÃÂ¹ÃâÃÂ§ÃÂ±ÃÂ§ÃÂª ÃÅ ÃÂ§ÃâÃâ¦ÃËÃâÃÂ¹ ÃÅ ÃÂ¬ÃÂ¹Ãâ Ãâ¦Ãâ  ÃÂ§ÃâÃÂ³Ãâ¡Ãâ ÃÂ¹ÃâÃâ° ÃÂ§ÃâÃÂ£ÃÂ¹ÃÂ¶ÃÂ§ÃÂ¡ ÃÂ§ÃâÃÂ¹ÃÂ«ÃËÃÂ± ÃÂ¹ÃâÃâ° ÃÂ§ÃâÃÂ¹ÃâÃÂ§ÃÂ± ÃÂ§ÃâÃÂªÃÅ  ÃÅ ÃÂ¨ÃÂ­ÃÂ«ÃËÃâ  ÃÂ¹Ãâ Ãâ¡ÃÂ§ ÃËÃÂ§ÃâÃâ¦ÃÂ²ÃÂ§ÃÅ ÃÂ¯ÃÂ© ÃÂ¹ÃâÃÅ Ãâ¡ÃÂ§ ÃËÃÂ§ÃâÃÂÃËÃÂ² ÃÂ¨Ãâ¡ÃÂ§. Ãâ¦Ãâ  ÃÂ¹ÃâÃÂ§ÃÂ±ÃÂ§ÃÂª (ÃÂ£ÃÂ±ÃÂ¶ÃÅ  ÃÅ ÃÂÃâÃâ ÃÅ ÃÂ¨ÃÅ ÃËÃÂª ÃÂ´ÃÂ¹ÃÂ¨ÃÅ ÃÂ© ÃÅ ÃÂ¹ÃâÃâ° ÃÂ§ÃâÃâ Ãâ¡ÃÂ± ÃÅ ÃÂªÃÂ¬ÃÂ§ÃÂ±ÃÅ Ãâ¡ ÃÅ ÃÂ¥ÃÂ³ÃÂªÃÂ±ÃÂ­ÃÂ§ÃÂª ÃÅ ÃÂ´ÃâÃâ ÃÅ Ãâ¦ÃÂ²ÃÂ§ÃÂ±ÃÂ¹ ) ÃÅ ÃÅ Ãâ¦ÃÆÃâ  ÃâÃâÃÂ£ÃÂ¹ÃÂ¶ÃÂ§ÃÂ¡ ÃÂ§ÃâÃâ¦ÃÂ²ÃÂ§ÃÅ ÃÂ¯ÃÂ© ÃÂ¹ÃâÃâ° ÃÂ§ÃâÃÂ¹ÃâÃÂ§ÃÂ±ÃÂ§ÃÂª ÃËÃÂ§ÃâÃâ¦ÃÂ²ÃÅ ÃÂ¯. ÃÂÃÂ¥Ãâ  uaebest ÃÂªÃÂ¶ÃÂ¹ ÃÂ§ÃâÃâÃÂ¯ÃÂ±ÃÂ© ÃÂ¹ÃâÃâ° ÃÂªÃâÃÂ¯ÃÅ Ãâ¦ ÃÂ§ÃâÃÂ¹ÃÂ±ÃËÃÂ¶</p>');


